{"id":3373,"date":"2018-12-10T16:14:52","date_gmt":"2018-12-10T15:14:52","guid":{"rendered":"https:\/\/phiessences.com\/Romania\/?post_type=product&#038;p=3373"},"modified":"2024-12-23T10:17:35","modified_gmt":"2024-12-23T08:17:35","slug":"180-berlin-formation-d-2016-formatiune-berlin-germania-2016","status":"publish","type":"product","link":"https:\/\/esentevibrationale.com\/?product=180-berlin-formation-d-2016-formatiune-berlin-germania-2016","title":{"rendered":"180.) Berlin, Formation, D (2016) \/ Forma\u0163iune, Berlin,  Germania (2016)"},"content":{"rendered":"<p><img decoding=\"async\" class=\"img-responsive\" title=\"180.) Berlin, Formation, D (2016)\" src=\"https:\/\/www.phiessences.com\/images\/product_images\/info_images\/1801.jpg\" alt=\"180.) Berlin, Formation, D (2016)\" data-magnifier-src=\"images\/product_images\/original_images\/1801.jpg\" \/><\/p>\n<p>Forma\u021biunea a ap\u0103rut \u00een acela\u0219i c\u00e2mp unde a p\u0103rut \u0219i fluturele. Luminozitatea fiin\u021bei care se deschide p\u00e2n\u0103 la nivelul spiritual. O cur\u0103\u021bare care vibreaz\u0103. Esen\u021ba \u00eencurajeaz\u0103 m\u0103re\u021bia \u0219i noble\u021bea sufletului. Sufletul radiaz\u0103 \u00een lumina unit\u0103\u021bii.<\/p>\n","protected":false},"excerpt":{"rendered":"<p>Forma\u021biunea a ap\u0103rut \u00een acela\u0219i c\u00e2mp unde a p\u0103rut \u0219i fluturele. Luminozitatea fiin\u021bei care se deschide p\u00e2n\u0103 la nivelul spiritual. O cur\u0103\u021bare care vibreaz\u0103. Esen\u021ba \u00eencurajeaz\u0103 m\u0103re\u021bia \u0219i noble\u021bea sufletului. Sufletul radiaz\u0103 \u00een lumina unit\u0103\u021bii.<\/p>\n","protected":false},"featured_media":3376,"template":"","meta":[],"product_brand":[],"product_cat":[54],"product_tag":[],"class_list":{"0":"post-3373","1":"product","2":"type-product","3":"status-publish","4":"has-post-thumbnail","6":"product_cat-esentele-crete-cu-ajutorul-energiei-cercurilor-aparute-in-lanurile-de-recolte","7":"pa_size-15ml","8":"pa_size-30ml","10":"first","11":"instock","12":"shipping-taxable","13":"purchasable","14":"product-type-variable","15":"has-default-attributes"},"_links":{"self":[{"href":"https:\/\/esentevibrationale.com\/index.php?rest_route=\/wp\/v2\/product\/3373","targetHints":{"allow":["GET"]}}],"collection":[{"href":"https:\/\/esentevibrationale.com\/index.php?rest_route=\/wp\/v2\/product"}],"about":[{"href":"https:\/\/esentevibrationale.com\/index.php?rest_route=\/wp\/v2\/types\/product"}],"wp:featuredmedia":[{"embeddable":true,"href":"https:\/\/esentevibrationale.com\/index.php?rest_route=\/wp\/v2\/media\/3376"}],"wp:attachment":[{"href":"https:\/\/esentevibrationale.com\/index.php?rest_route=%2Fwp%2Fv2%2Fmedia&parent=3373"}],"wp:term":[{"taxonomy":"product_brand","embeddable":true,"href":"https:\/\/esentevibrationale.com\/index.php?rest_route=%2Fwp%2Fv2%2Fproduct_brand&post=3373"},{"taxonomy":"product_cat","embeddable":true,"href":"https:\/\/esentevibrationale.com\/index.php?rest_route=%2Fwp%2Fv2%2Fproduct_cat&post=3373"},{"taxonomy":"product_tag","embeddable":true,"href":"https:\/\/esentevibrationale.com\/index.php?rest_route=%2Fwp%2Fv2%2Fproduct_tag&post=3373"}],"curies":[{"name":"wp","href":"https:\/\/api.w.org\/{rel}","templated":true}]}}