{"id":3493,"date":"2018-12-12T10:05:14","date_gmt":"2018-12-12T09:05:14","guid":{"rendered":"https:\/\/phiessences.com\/Romania\/?post_type=product&#038;p=3493"},"modified":"2021-01-21T16:52:12","modified_gmt":"2021-01-21T14:52:12","slug":"hlt-t1-antiradiation-hlt-t1-antiradiatie","status":"publish","type":"product","link":"https:\/\/esentevibrationale.com\/?product=hlt-t1-antiradiation-hlt-t1-antiradiatie","title":{"rendered":"HLT\u00ae T1 Antiradiation \/ HLT\u00ae T1 Antiradia\u0163ie"},"content":{"rendered":"<p>&nbsp;<\/p>\n<figure id=\"attachment_3495\" aria-describedby=\"caption-attachment-3495\" style=\"width: 754px\" class=\"wp-caption alignnone\"><img loading=\"lazy\" decoding=\"async\" class=\"size-full wp-image-3495\" src=\"https:\/\/esentevibrationale.com\/wp-content\/uploads\/2018\/12\/t1anti754.jpg\" alt=\"\" width=\"754\" height=\"566\" srcset=\"https:\/\/esentevibrationale.com\/wp-content\/uploads\/2018\/12\/t1anti754.jpg 754w, https:\/\/esentevibrationale.com\/wp-content\/uploads\/2018\/12\/t1anti754-300x225.jpg 300w\" sizes=\"auto, (max-width: 754px) 100vw, 754px\" \/><figcaption id=\"caption-attachment-3495\" class=\"wp-caption-text\"><em>HLT-Poze: Peter Wind<\/em><\/figcaption><\/figure>\n<p>Setul include:<\/p>\n<ul>\n<li><strong>1 x Diapositiv T1<\/strong><\/li>\n<li><strong>1 x T1 Esen\u0163a Andiradia\u0163ie 15 m<\/strong><\/li>\n<li><strong>1 x Licen\u0163a<\/strong><\/li>\n<\/ul>\n<p>&nbsp;<\/p>\n<p>&nbsp;<\/p>\n<p>&nbsp;<\/p>\n<p>&nbsp;<\/p>\n<p>&nbsp;<\/p>\n<p>&nbsp;<\/p>\n","protected":false},"excerpt":{"rendered":"<p>&nbsp; Setul include: 1 x Diapositiv T1 1 x T1 Esen\u0163a Andiradia\u0163ie 15 m 1 x Licen\u0163a &nbsp; &nbsp; &nbsp; &nbsp; &nbsp; &nbsp;<\/p>\n","protected":false},"featured_media":3494,"template":"","meta":[],"product_brand":[],"product_cat":[61],"product_tag":[],"class_list":{"0":"post-3493","1":"product","2":"type-product","3":"status-publish","4":"has-post-thumbnail","6":"product_cat-hlt-tratamentul-holistic-cu-lumina","8":"first","9":"instock","10":"shipping-taxable","11":"purchasable","12":"product-type-simple"},"_links":{"self":[{"href":"https:\/\/esentevibrationale.com\/index.php?rest_route=\/wp\/v2\/product\/3493","targetHints":{"allow":["GET"]}}],"collection":[{"href":"https:\/\/esentevibrationale.com\/index.php?rest_route=\/wp\/v2\/product"}],"about":[{"href":"https:\/\/esentevibrationale.com\/index.php?rest_route=\/wp\/v2\/types\/product"}],"wp:featuredmedia":[{"embeddable":true,"href":"https:\/\/esentevibrationale.com\/index.php?rest_route=\/wp\/v2\/media\/3494"}],"wp:attachment":[{"href":"https:\/\/esentevibrationale.com\/index.php?rest_route=%2Fwp%2Fv2%2Fmedia&parent=3493"}],"wp:term":[{"taxonomy":"product_brand","embeddable":true,"href":"https:\/\/esentevibrationale.com\/index.php?rest_route=%2Fwp%2Fv2%2Fproduct_brand&post=3493"},{"taxonomy":"product_cat","embeddable":true,"href":"https:\/\/esentevibrationale.com\/index.php?rest_route=%2Fwp%2Fv2%2Fproduct_cat&post=3493"},{"taxonomy":"product_tag","embeddable":true,"href":"https:\/\/esentevibrationale.com\/index.php?rest_route=%2Fwp%2Fv2%2Fproduct_tag&post=3493"}],"curies":[{"name":"wp","href":"https:\/\/api.w.org\/{rel}","templated":true}]}}