{"id":3529,"date":"2018-12-12T12:42:28","date_gmt":"2018-12-12T11:42:28","guid":{"rendered":"https:\/\/phiessences.com\/Romania\/?post_type=product&#038;p=3529"},"modified":"2026-01-02T16:39:48","modified_gmt":"2026-01-02T14:39:48","slug":"lizard-soparla","status":"publish","type":"product","link":"https:\/\/esentevibrationale.com\/?product=lizard-soparla","title":{"rendered":"Lizard \/ \u015eop\u00e2rla"},"content":{"rendered":"<p><strong>(Gallotia caesaris gomerae)<\/strong><\/p>\n<p>Din punct de vedere energetic aceast\u0103 esen\u0163\u0103 ne ofer\u0103 un poten\u0163ial puternic de auto-vindecare \u015fi de regenerare. Dup\u0103 un tratament al problemelor pielii, ne ajut\u0103 s\u0103 ne regener\u0103m energetic. \u020anv\u0103\u0163\u0103m s\u0103 avem \u00eentredere \u00een intui\u0163ia noastr\u0103 \u015fi s\u0103 ne urm\u0103m lumina interioar\u0103. Esen\u0163a are o puternic\u0103 energie masculin\u0103 -Yang . Poate fi util\u0103 pentru persoanele care au probleme cu ta\u0163ii, le ajut\u0103 s\u0103 dezvolte o distan\u0163\u0103 interioar\u0103 mai mare \u015fi armonie.<\/p>\n<p>Fotografie: Dreamstime<\/p>\n","protected":false},"excerpt":{"rendered":"<p>(Gallotia caesaris gomerae) Din punct de vedere energetic aceast\u0103 esen\u0163\u0103 ne ofer\u0103 un poten\u0163ial puternic de auto-vindecare \u015fi de regenerare. Dup\u0103 un tratament al problemelor pielii, ne ajut\u0103 s\u0103 ne regener\u0103m energetic. \u020anv\u0103\u0163\u0103m s\u0103 avem \u00eentredere \u00een intui\u0163ia noastr\u0103 \u015fi s\u0103 ne urm\u0103m lumina interioar\u0103. Esen\u0163a are o puternic\u0103 energie masculin\u0103 -Yang . Poate fi &hellip; <a href=\"https:\/\/esentevibrationale.com\/?product=lizard-soparla\" class=\"more-link\">Continu\u0103 lectura <span class=\"screen-reader-text\">Lizard \/ \u015eop\u00e2rla<\/span> <span class=\"meta-nav\">&rarr;<\/span><\/a><\/p>\n","protected":false},"featured_media":3532,"template":"","meta":[],"product_brand":[],"product_cat":[62],"product_tag":[],"class_list":{"0":"post-3529","1":"product","2":"type-product","3":"status-publish","4":"has-post-thumbnail","6":"product_cat-esente-de-animale-3","7":"pa_size-15ml","8":"pa_size-30ml","10":"first","11":"instock","12":"shipping-taxable","13":"purchasable","14":"product-type-variable","15":"has-default-attributes"},"_links":{"self":[{"href":"https:\/\/esentevibrationale.com\/index.php?rest_route=\/wp\/v2\/product\/3529","targetHints":{"allow":["GET"]}}],"collection":[{"href":"https:\/\/esentevibrationale.com\/index.php?rest_route=\/wp\/v2\/product"}],"about":[{"href":"https:\/\/esentevibrationale.com\/index.php?rest_route=\/wp\/v2\/types\/product"}],"wp:featuredmedia":[{"embeddable":true,"href":"https:\/\/esentevibrationale.com\/index.php?rest_route=\/wp\/v2\/media\/3532"}],"wp:attachment":[{"href":"https:\/\/esentevibrationale.com\/index.php?rest_route=%2Fwp%2Fv2%2Fmedia&parent=3529"}],"wp:term":[{"taxonomy":"product_brand","embeddable":true,"href":"https:\/\/esentevibrationale.com\/index.php?rest_route=%2Fwp%2Fv2%2Fproduct_brand&post=3529"},{"taxonomy":"product_cat","embeddable":true,"href":"https:\/\/esentevibrationale.com\/index.php?rest_route=%2Fwp%2Fv2%2Fproduct_cat&post=3529"},{"taxonomy":"product_tag","embeddable":true,"href":"https:\/\/esentevibrationale.com\/index.php?rest_route=%2Fwp%2Fv2%2Fproduct_tag&post=3529"}],"curies":[{"name":"wp","href":"https:\/\/api.w.org\/{rel}","templated":true}]}}