{"id":3533,"date":"2018-12-12T12:57:46","date_gmt":"2018-12-12T11:57:46","guid":{"rendered":"https:\/\/phiessences.com\/Romania\/?post_type=product&#038;p=3533"},"modified":"2026-01-02T16:42:08","modified_gmt":"2026-01-02T14:42:08","slug":"panda-panda","status":"publish","type":"product","link":"https:\/\/esentevibrationale.com\/?product=panda-panda","title":{"rendered":"Panda \/ Panda"},"content":{"rendered":"<p><strong>(Ailurus fulgens)<\/strong><\/p>\n<p>Aceast\u0103 esen\u0163\u0103 ne d\u0103 un sentiment de echilibru mai bun, cre\u015fte \u00eencrederea de sine. \u020anv\u0103\u0163\u0103m s\u0103 devenim mai calmi, relaxa\u0163i \u015fi s\u0103 ne concentr\u0103m pe lucrurile importante din via\u0163a noastr\u0103.<\/p>\n<p>Fotografie: Dreamstime<\/p>\n","protected":false},"excerpt":{"rendered":"<p>(Ailurus fulgens) Aceast\u0103 esen\u0163\u0103 ne d\u0103 un sentiment de echilibru mai bun, cre\u015fte \u00eencrederea de sine. \u020anv\u0103\u0163\u0103m s\u0103 devenim mai calmi, relaxa\u0163i \u015fi s\u0103 ne concentr\u0103m pe lucrurile importante din via\u0163a noastr\u0103. Fotografie: Dreamstime<\/p>\n","protected":false},"featured_media":3554,"template":"","meta":[],"product_brand":[],"product_cat":[62],"product_tag":[],"class_list":{"0":"post-3533","1":"product","2":"type-product","3":"status-publish","4":"has-post-thumbnail","6":"product_cat-esente-de-animale-3","7":"pa_size-15ml","8":"pa_size-30ml","10":"first","11":"instock","12":"shipping-taxable","13":"purchasable","14":"product-type-variable","15":"has-default-attributes"},"_links":{"self":[{"href":"https:\/\/esentevibrationale.com\/index.php?rest_route=\/wp\/v2\/product\/3533","targetHints":{"allow":["GET"]}}],"collection":[{"href":"https:\/\/esentevibrationale.com\/index.php?rest_route=\/wp\/v2\/product"}],"about":[{"href":"https:\/\/esentevibrationale.com\/index.php?rest_route=\/wp\/v2\/types\/product"}],"wp:featuredmedia":[{"embeddable":true,"href":"https:\/\/esentevibrationale.com\/index.php?rest_route=\/wp\/v2\/media\/3554"}],"wp:attachment":[{"href":"https:\/\/esentevibrationale.com\/index.php?rest_route=%2Fwp%2Fv2%2Fmedia&parent=3533"}],"wp:term":[{"taxonomy":"product_brand","embeddable":true,"href":"https:\/\/esentevibrationale.com\/index.php?rest_route=%2Fwp%2Fv2%2Fproduct_brand&post=3533"},{"taxonomy":"product_cat","embeddable":true,"href":"https:\/\/esentevibrationale.com\/index.php?rest_route=%2Fwp%2Fv2%2Fproduct_cat&post=3533"},{"taxonomy":"product_tag","embeddable":true,"href":"https:\/\/esentevibrationale.com\/index.php?rest_route=%2Fwp%2Fv2%2Fproduct_tag&post=3533"}],"curies":[{"name":"wp","href":"https:\/\/api.w.org\/{rel}","templated":true}]}}