{"id":3538,"date":"2018-12-12T14:11:22","date_gmt":"2018-12-12T13:11:22","guid":{"rendered":"https:\/\/phiessences.com\/Romania\/?post_type=product&#038;p=3538"},"modified":"2026-01-02T16:43:28","modified_gmt":"2026-01-02T14:43:28","slug":"penguin-pinguin","status":"publish","type":"product","link":"https:\/\/esentevibrationale.com\/?product=penguin-pinguin","title":{"rendered":"Penguin \/ Pinguin"},"content":{"rendered":"<p><strong>(Spheniscus humboldtii)<\/strong><\/p>\n<p>Acest\u0103 esen\u0163\u0103 ne ajut\u0103 s\u0103 dep\u0103\u015fim frica \u015fi \u00eenv\u0103\u0163\u0103m s\u0103 avem \u00eencredere. Cre\u015fte \u00eencrederea de sine \u015fi abilitatea de a ne adapta la noile situa\u0163ii. Cre\u015fte abilitatea de a fi sociabili \u015fi con\u015ftientizarea de grup.<\/p>\n<p>Fotografie: Dreamstime<\/p>\n","protected":false},"excerpt":{"rendered":"<p>(Spheniscus humboldtii) Acest\u0103 esen\u0163\u0103 ne ajut\u0103 s\u0103 dep\u0103\u015fim frica \u015fi \u00eenv\u0103\u0163\u0103m s\u0103 avem \u00eencredere. Cre\u015fte \u00eencrederea de sine \u015fi abilitatea de a ne adapta la noile situa\u0163ii. Cre\u015fte abilitatea de a fi sociabili \u015fi con\u015ftientizarea de grup. Fotografie: Dreamstime<\/p>\n","protected":false},"featured_media":3539,"template":"","meta":[],"product_brand":[],"product_cat":[62],"product_tag":[],"class_list":{"0":"post-3538","1":"product","2":"type-product","3":"status-publish","4":"has-post-thumbnail","6":"product_cat-esente-de-animale-3","7":"pa_size-15ml","8":"pa_size-30ml","10":"first","11":"instock","12":"shipping-taxable","13":"purchasable","14":"product-type-variable","15":"has-default-attributes"},"_links":{"self":[{"href":"https:\/\/esentevibrationale.com\/index.php?rest_route=\/wp\/v2\/product\/3538","targetHints":{"allow":["GET"]}}],"collection":[{"href":"https:\/\/esentevibrationale.com\/index.php?rest_route=\/wp\/v2\/product"}],"about":[{"href":"https:\/\/esentevibrationale.com\/index.php?rest_route=\/wp\/v2\/types\/product"}],"wp:featuredmedia":[{"embeddable":true,"href":"https:\/\/esentevibrationale.com\/index.php?rest_route=\/wp\/v2\/media\/3539"}],"wp:attachment":[{"href":"https:\/\/esentevibrationale.com\/index.php?rest_route=%2Fwp%2Fv2%2Fmedia&parent=3538"}],"wp:term":[{"taxonomy":"product_brand","embeddable":true,"href":"https:\/\/esentevibrationale.com\/index.php?rest_route=%2Fwp%2Fv2%2Fproduct_brand&post=3538"},{"taxonomy":"product_cat","embeddable":true,"href":"https:\/\/esentevibrationale.com\/index.php?rest_route=%2Fwp%2Fv2%2Fproduct_cat&post=3538"},{"taxonomy":"product_tag","embeddable":true,"href":"https:\/\/esentevibrationale.com\/index.php?rest_route=%2Fwp%2Fv2%2Fproduct_tag&post=3538"}],"curies":[{"name":"wp","href":"https:\/\/api.w.org\/{rel}","templated":true}]}}