{"id":3602,"date":"2018-12-14T09:43:21","date_gmt":"2018-12-14T08:43:21","guid":{"rendered":"https:\/\/phiessences.com\/Romania\/?post_type=product&#038;p=3602"},"modified":"2026-01-02T17:01:52","modified_gmt":"2026-01-02T15:01:52","slug":"armadillo-tatu","status":"publish","type":"product","link":"https:\/\/esentevibrationale.com\/?product=armadillo-tatu","title":{"rendered":"Armadillo \/ Tatu"},"content":{"rendered":"<p><strong>(Dasypodidae)<\/strong><\/p>\n<p>Aceast animal matur evolutiv ne permite s\u0103 ne adapt\u0103m mai bine. \u020anv\u0103\u0163\u0103m s\u0103 devenim r\u0103bd\u0103tori \u015fi s\u0103 lu\u0103m lucrurile exact a\u015fa cum sunt. Are un efect de uniformizare \u015fi elimin\u0103 stresul interior. Serenitatea \u015fi lini\u015ftea sunt consolidate. De asemenea, \u00eenv\u0103\u0163\u0103m s\u0103 ob\u0163inem o piele mai dens\u0103, astfel ne sim\u0163im proteja\u0163i . Nu mai permitem ca sentimentele altor persoane s\u0103 ne afecteze. Este mai u\u015for pentru noi s\u0103 ne distan\u0163\u0103m \u015fi s\u0103 ne protej\u0103m singuri. Cu ajutorul aceastei con\u015ftientiz\u0103ri putem crede mai mult \u00een noi \u00een\u015fine.<\/p>\n","protected":false},"excerpt":{"rendered":"<p>(Dasypodidae) Aceast animal matur evolutiv ne permite s\u0103 ne adapt\u0103m mai bine. \u020anv\u0103\u0163\u0103m s\u0103 devenim r\u0103bd\u0103tori \u015fi s\u0103 lu\u0103m lucrurile exact a\u015fa cum sunt. Are un efect de uniformizare \u015fi elimin\u0103 stresul interior. Serenitatea \u015fi lini\u015ftea sunt consolidate. De asemenea, \u00eenv\u0103\u0163\u0103m s\u0103 ob\u0163inem o piele mai dens\u0103, astfel ne sim\u0163im proteja\u0163i . Nu mai permitem &hellip; <a href=\"https:\/\/esentevibrationale.com\/?product=armadillo-tatu\" class=\"more-link\">Continu\u0103 lectura <span class=\"screen-reader-text\">Armadillo \/ Tatu<\/span> <span class=\"meta-nav\">&rarr;<\/span><\/a><\/p>\n","protected":false},"featured_media":3603,"template":"","meta":[],"product_brand":[],"product_cat":[64],"product_tag":[],"class_list":{"0":"post-3602","1":"product","2":"type-product","3":"status-publish","4":"has-post-thumbnail","6":"product_cat-esente-de-animale-5","7":"pa_size-15ml","8":"pa_size-30ml","10":"first","11":"instock","12":"shipping-taxable","13":"purchasable","14":"product-type-variable","15":"has-default-attributes"},"_links":{"self":[{"href":"https:\/\/esentevibrationale.com\/index.php?rest_route=\/wp\/v2\/product\/3602","targetHints":{"allow":["GET"]}}],"collection":[{"href":"https:\/\/esentevibrationale.com\/index.php?rest_route=\/wp\/v2\/product"}],"about":[{"href":"https:\/\/esentevibrationale.com\/index.php?rest_route=\/wp\/v2\/types\/product"}],"wp:featuredmedia":[{"embeddable":true,"href":"https:\/\/esentevibrationale.com\/index.php?rest_route=\/wp\/v2\/media\/3603"}],"wp:attachment":[{"href":"https:\/\/esentevibrationale.com\/index.php?rest_route=%2Fwp%2Fv2%2Fmedia&parent=3602"}],"wp:term":[{"taxonomy":"product_brand","embeddable":true,"href":"https:\/\/esentevibrationale.com\/index.php?rest_route=%2Fwp%2Fv2%2Fproduct_brand&post=3602"},{"taxonomy":"product_cat","embeddable":true,"href":"https:\/\/esentevibrationale.com\/index.php?rest_route=%2Fwp%2Fv2%2Fproduct_cat&post=3602"},{"taxonomy":"product_tag","embeddable":true,"href":"https:\/\/esentevibrationale.com\/index.php?rest_route=%2Fwp%2Fv2%2Fproduct_tag&post=3602"}],"curies":[{"name":"wp","href":"https:\/\/api.w.org\/{rel}","templated":true}]}}