{"id":3659,"date":"2018-12-14T17:16:36","date_gmt":"2018-12-14T16:16:36","guid":{"rendered":"https:\/\/phiessences.com\/Romania\/?post_type=product&#038;p=3659"},"modified":"2026-01-02T17:27:16","modified_gmt":"2026-01-02T15:27:16","slug":"mahasiah","status":"publish","type":"product","link":"https:\/\/esentevibrationale.com\/?product=mahasiah","title":{"rendered":"Mahasiah"},"content":{"rendered":"<p>Esen\u021ba ofer\u0103 echilibru \u00eentre intelect \u015fi emo\u0163ional. \u020anv\u0103t\u0103m s\u0103 ne \u00eentelegem visele.<\/p>\n","protected":false},"excerpt":{"rendered":"<p>Esen\u021ba ofer\u0103 echilibru \u00eentre intelect \u015fi emo\u0163ional. \u020anv\u0103t\u0103m s\u0103 ne \u00eentelegem visele.<\/p>\n","protected":false},"featured_media":3662,"template":"","meta":[],"product_brand":[],"product_cat":[65],"product_tag":[],"class_list":{"0":"post-3659","1":"product","2":"type-product","3":"status-publish","4":"has-post-thumbnail","6":"product_cat-esente-de-ngeri","7":"pa_size-15ml","8":"pa_size-30ml","10":"first","11":"instock","12":"shipping-taxable","13":"purchasable","14":"product-type-variable","15":"has-default-attributes"},"_links":{"self":[{"href":"https:\/\/esentevibrationale.com\/index.php?rest_route=\/wp\/v2\/product\/3659","targetHints":{"allow":["GET"]}}],"collection":[{"href":"https:\/\/esentevibrationale.com\/index.php?rest_route=\/wp\/v2\/product"}],"about":[{"href":"https:\/\/esentevibrationale.com\/index.php?rest_route=\/wp\/v2\/types\/product"}],"wp:featuredmedia":[{"embeddable":true,"href":"https:\/\/esentevibrationale.com\/index.php?rest_route=\/wp\/v2\/media\/3662"}],"wp:attachment":[{"href":"https:\/\/esentevibrationale.com\/index.php?rest_route=%2Fwp%2Fv2%2Fmedia&parent=3659"}],"wp:term":[{"taxonomy":"product_brand","embeddable":true,"href":"https:\/\/esentevibrationale.com\/index.php?rest_route=%2Fwp%2Fv2%2Fproduct_brand&post=3659"},{"taxonomy":"product_cat","embeddable":true,"href":"https:\/\/esentevibrationale.com\/index.php?rest_route=%2Fwp%2Fv2%2Fproduct_cat&post=3659"},{"taxonomy":"product_tag","embeddable":true,"href":"https:\/\/esentevibrationale.com\/index.php?rest_route=%2Fwp%2Fv2%2Fproduct_tag&post=3659"}],"curies":[{"name":"wp","href":"https:\/\/api.w.org\/{rel}","templated":true}]}}