{"id":3671,"date":"2018-12-14T19:06:55","date_gmt":"2018-12-14T18:06:55","guid":{"rendered":"https:\/\/phiessences.com\/Romania\/?post_type=product&#038;p=3671"},"modified":"2026-01-02T17:31:15","modified_gmt":"2026-01-02T15:31:15","slug":"mihael","status":"publish","type":"product","link":"https:\/\/esentevibrationale.com\/?product=mihael","title":{"rendered":"Mihael"},"content":{"rendered":"<p>Consolideaz\u0103 lumina \u015fi iubirea din inimile noastre. Esen\u021ba ne ajut\u0103 s\u0103 r\u0103m\u00e2nem loiali fa\u021b\u0103 de noi \u00een\u015fine \u015fi de asemenea, \u00eent\u0103re\u015fte iubirea fa\u021b\u0103 de alte persoane.<\/p>\n","protected":false},"excerpt":{"rendered":"<p>Consolideaz\u0103 lumina \u015fi iubirea din inimile noastre. Esen\u021ba ne ajut\u0103 s\u0103 r\u0103m\u00e2nem loiali fa\u021b\u0103 de noi \u00een\u015fine \u015fi de asemenea, \u00eent\u0103re\u015fte iubirea fa\u021b\u0103 de alte persoane.<\/p>\n","protected":false},"featured_media":3672,"template":"","meta":[],"product_brand":[],"product_cat":[65],"product_tag":[],"class_list":{"0":"post-3671","1":"product","2":"type-product","3":"status-publish","4":"has-post-thumbnail","6":"product_cat-esente-de-ngeri","7":"pa_size-15ml","8":"pa_size-30ml","10":"first","11":"instock","12":"shipping-taxable","13":"purchasable","14":"product-type-variable","15":"has-default-attributes"},"_links":{"self":[{"href":"https:\/\/esentevibrationale.com\/index.php?rest_route=\/wp\/v2\/product\/3671","targetHints":{"allow":["GET"]}}],"collection":[{"href":"https:\/\/esentevibrationale.com\/index.php?rest_route=\/wp\/v2\/product"}],"about":[{"href":"https:\/\/esentevibrationale.com\/index.php?rest_route=\/wp\/v2\/types\/product"}],"wp:featuredmedia":[{"embeddable":true,"href":"https:\/\/esentevibrationale.com\/index.php?rest_route=\/wp\/v2\/media\/3672"}],"wp:attachment":[{"href":"https:\/\/esentevibrationale.com\/index.php?rest_route=%2Fwp%2Fv2%2Fmedia&parent=3671"}],"wp:term":[{"taxonomy":"product_brand","embeddable":true,"href":"https:\/\/esentevibrationale.com\/index.php?rest_route=%2Fwp%2Fv2%2Fproduct_brand&post=3671"},{"taxonomy":"product_cat","embeddable":true,"href":"https:\/\/esentevibrationale.com\/index.php?rest_route=%2Fwp%2Fv2%2Fproduct_cat&post=3671"},{"taxonomy":"product_tag","embeddable":true,"href":"https:\/\/esentevibrationale.com\/index.php?rest_route=%2Fwp%2Fv2%2Fproduct_tag&post=3671"}],"curies":[{"name":"wp","href":"https:\/\/api.w.org\/{rel}","templated":true}]}}