{"id":425,"date":"2018-10-12T20:42:47","date_gmt":"2018-10-12T19:42:47","guid":{"rendered":"http:\/\/phiessences.com\/Romania\/?post_type=product&#038;p=425"},"modified":"2025-12-30T13:08:52","modified_gmt":"2025-12-30T11:08:52","slug":"copper-cupru","status":"publish","type":"product","link":"https:\/\/esentevibrationale.com\/?product=copper-cupru","title":{"rendered":"Copper \/ Cupru"},"content":{"rendered":"<p>Esen\u021ba ne vitalizeaz\u0103, ne cur\u0103\u0163\u0103 \u015fi sus\u0163ine auto-vindecarea interioar\u0103. Genereaz\u0103 optimismul, armonia \u015fi protec\u0163ia.<\/p>\n","protected":false},"excerpt":{"rendered":"<p>Esen\u021ba ne vitalizeaz\u0103, ne cur\u0103\u0163\u0103 \u015fi sus\u0163ine auto-vindecarea interioar\u0103. Genereaz\u0103 optimismul, armonia \u015fi protec\u0163ia.<\/p>\n","protected":false},"featured_media":14753,"template":"","meta":[],"product_brand":[],"product_cat":[18],"product_tag":[],"class_list":{"0":"post-425","1":"product","2":"type-product","3":"status-publish","4":"has-post-thumbnail","6":"product_cat-esente-de-geme","7":"pa_size-15ml","8":"pa_size-30ml","10":"first","11":"instock","12":"shipping-taxable","13":"purchasable","14":"product-type-variable","15":"has-default-attributes"},"_links":{"self":[{"href":"https:\/\/esentevibrationale.com\/index.php?rest_route=\/wp\/v2\/product\/425","targetHints":{"allow":["GET"]}}],"collection":[{"href":"https:\/\/esentevibrationale.com\/index.php?rest_route=\/wp\/v2\/product"}],"about":[{"href":"https:\/\/esentevibrationale.com\/index.php?rest_route=\/wp\/v2\/types\/product"}],"wp:featuredmedia":[{"embeddable":true,"href":"https:\/\/esentevibrationale.com\/index.php?rest_route=\/wp\/v2\/media\/14753"}],"wp:attachment":[{"href":"https:\/\/esentevibrationale.com\/index.php?rest_route=%2Fwp%2Fv2%2Fmedia&parent=425"}],"wp:term":[{"taxonomy":"product_brand","embeddable":true,"href":"https:\/\/esentevibrationale.com\/index.php?rest_route=%2Fwp%2Fv2%2Fproduct_brand&post=425"},{"taxonomy":"product_cat","embeddable":true,"href":"https:\/\/esentevibrationale.com\/index.php?rest_route=%2Fwp%2Fv2%2Fproduct_cat&post=425"},{"taxonomy":"product_tag","embeddable":true,"href":"https:\/\/esentevibrationale.com\/index.php?rest_route=%2Fwp%2Fv2%2Fproduct_tag&post=425"}],"curies":[{"name":"wp","href":"https:\/\/api.w.org\/{rel}","templated":true}]}}