{"id":4398,"date":"2019-08-20T15:00:17","date_gmt":"2019-08-20T12:00:17","guid":{"rendered":"https:\/\/esentevibrationale.com\/?post_type=product&#038;p=4398"},"modified":"2025-08-21T09:32:20","modified_gmt":"2025-08-21T06:32:20","slug":"curs-delfin-23-27-martie-2020-limba-germana","status":"publish","type":"product","link":"https:\/\/esentevibrationale.com\/?product=curs-delfin-23-27-martie-2020-limba-germana","title":{"rendered":"Curs Delfin 16 &#8211; 20 Martie 2026 &#8211; Limba Francez\u0103"},"content":{"rendered":"<p><strong>PHI Essences \u00ae \u2013 Andreas KORTE<\/strong><\/p>\n<p><span class=\"Y2IQFc\" lang=\"ro\">Not\u0103: Aceasta este doar plata \u00een avans de 200 euro pentru \u00eenregistrare. Cursul complet f\u0103r\u0103 zboruri, hoteluri \u0219i alimente cost\u0103 490 Euro. Mai multe informa\u021bii sunt mai jos.<\/span><\/p>\n<p><iframe loading=\"lazy\" title=\"Dolphindreams\" width=\"604\" height=\"453\" src=\"https:\/\/www.youtube.com\/embed\/YPRsykX8TiE?start=58&#038;feature=oembed\" frameborder=\"0\" allow=\"accelerometer; autoplay; clipboard-write; encrypted-media; gyroscope; picture-in-picture; web-share\" referrerpolicy=\"strict-origin-when-cross-origin\" allowfullscreen><\/iframe><\/p>\n<p><strong>Cursul Delfin<sup>\u00ae<\/sup><\/strong><\/p>\n<p>MAGIA DELFINILOR POATE \u00ceNCEPE&#8230;<\/p>\n<p>16 &#8211; 20\u00a0 Martie 2025 &#8211; Limba Francez\u0103<br \/>\n\u020ant\u00e2lnire cu Delfinii<br \/>\nCursul este experimental \u015fi se def\u0103\u015foar\u0103 \u00een cadrul naturii pe parcursul a cinci zile, timp \u00een care se vor descoperii energia Delfinilor \u015fi Biodiversitatea insulei. Acesta se desfa\u015for\u0103 cu aproxim 10 persoane \u00een limba Francez\u0103.<\/p>\n<p><strong>Not\u0103:<\/strong> \u020antr-o capel\u0103 veche situat\u0103 pe o piramid\u0103 istoric\u0103 exist\u0103 posibilitatea de a face individual HLT<sup>\u00ae<\/sup> (Tramamentul Holistic cu Lumin\u0103), costul acestuia este (80 euro) \u00een data de 21.03.25.<\/p>\n<blockquote class=\"wp-embedded-content\" data-secret=\"zzUKGXK07D\"><p><a href=\"https:\/\/esentevibrationale.com\/?page_id=17\">Informa\u0163ii despre HLT &#8211; Tratamentul Holistic cu Lumin\u0103, Sunet, Culoare \u0219i Esen\u0163e Vibra\u0163ionale<\/a><\/p><\/blockquote>\n<p><iframe loading=\"lazy\" class=\"wp-embedded-content\" sandbox=\"allow-scripts\" security=\"restricted\" style=\"position: absolute; visibility: hidden;\" title=\"&#8222;Informa\u0163ii despre HLT &#8211; Tratamentul Holistic cu Lumin\u0103, Sunet, Culoare \u0219i Esen\u0163e Vibra\u0163ionale&#8221; &#8211; KORTE PHI Essences\u00aeEsen\u0163e Vibra\u0163ionale \u0219i HLT\u00ae\" src=\"https:\/\/esentevibrationale.com\/?page_id=17&#038;embed=true#?secret=Jz7hcEVPkg#?secret=zzUKGXK07D\" data-secret=\"zzUKGXK07D\" width=\"600\" height=\"338\" frameborder=\"0\" marginwidth=\"0\" marginheight=\"0\" scrolling=\"no\"><\/iframe><\/p>\n<p><strong>Programul :<\/strong><br \/>\nDiferitele tipuri de esen\u0163e<br \/>\n\u2022 Esen\u0163ele de Cactus<br \/>\n\u2022 Esen\u0163ele Marine Delfini \/ Balene din Canaria<br \/>\n\u2022 Esen\u0163ele Oceanice<br \/>\n\u2022 Cursul \u00eencepe luni la ora 10.00<br \/>\n\u2022 Lucr\u0103m cu esen\u0163ele florale din Canaria, cu esen\u0163ele Marine, Delfin\u00ae, Balene, Delfinii Roz.<br \/>\n\u2022 Vom face excursii pentru a cunoa\u0219te vegeta\u021bia \u0219i biodiversitatea insulei. De asemenea, o excursie la Teide!<br \/>\n\u2022 Vizit\u0103m Piramidele din G\u00fcimar \u015fi parcul etnologic.<br \/>\n\u2022 O excursie cu barca s\u0103 cunoa\u015ftem delfinii \u015fi balenele, respect\u00e2nd spa\u0163iul lor \u015fi apropiindu-ne de ei at\u00e2t c\u00e2t ne permit.<br \/>\n\u2022 Preg\u0103tire suplimentar\u0103<br \/>\n\u2022 Tehnici de curs<br \/>\n\u2022 Parcul etnologic Canarina canarinsis \u015fi Tide.<\/p>\n<p>Contribu\u0163ia financiar\u0103 este:<br \/>\n\u20ac 490 de persoana pentrul tot cursul inclusiv plimarea cu barca, pentru medita\u0163ia cu Delfinii.<br \/>\n200 &#8211; Euro trei lui \u00eenainte de curs \/ 290- Euro numerar \u00eenainte de \u00eenceperea cursului, \u00een acest pre\u0163 nu sunt incluse cazarea \u015fi transportul.<\/p>\n<p><strong>Informa\u0163ii suplimentare:<\/strong><br \/>\nPre\u0163urile bileteor de avion pot varia \u00een func\u0163ie de datele sejurului<br \/>\n4 persoane pot \u00eenchiria o ma\u015fin\u0103, pentru a se putea deplasa \u00een jurul insulei \u015fi \u00een diversele c\u0103l\u0103torii.<br \/>\nDe asemnenea va pute\u0163i bucura de c\u00e2teva zile de un sejur pentru a descoperi frumuse\u0163ea insulei.<\/p>\n<p>Ave\u0163i pre\u0163uri speciale pentru hotel <a href=\"http:\/\/www.hotel-fincasalamanca.com\">www.hotel-fincasalamanca.com<\/a><\/p>\n<p>Sunt necesare urm\u0103toarele:<br \/>\n\u020ambr\u0103c\u0103minte \u015fi \u00eenc\u0103l\u0163\u0103minte confortabile, bocaci pentru a merge \u00een drume\u0163ii, pelerin\u0103 de ploaie, costum de baie, sandale, protec\u0163ie solar\u0103 (+50), palarie\/\u015fapca ptr. soare.<\/p>\n<p><strong>Rezervarea trebuie s\u0103 fie \u00een form\u0103 scris\u0103 \u0219i este obligatorie.<\/strong><\/p>\n<p>Nume:<\/p>\n<p>Adres\u0103:<\/p>\n<p>Tel .:<\/p>\n<p>e-mail:<\/p>\n<p>Data:<\/p>\n<p>Semn\u0103tura:<\/p>\n<p>Confirmarea cursului pentru minimum 10 participan\u021bi cu cel pu\u021bin 3 luni \u00eenainte de plecare.<\/p>\n<p>Dac\u0103 nu pute\u021bi participa singur, pute\u021bi trimite o alt\u0103 persoan\u0103 \u00een locul dvs.<\/p>\n<p><img loading=\"lazy\" decoding=\"async\" class=\"alignnone size-medium wp-image-13667\" src=\"https:\/\/esentevibrationale.com\/wp-content\/uploads\/2018\/12\/finca-salamanca-300x136.jpg\" alt=\"\" width=\"300\" height=\"136\" srcset=\"https:\/\/esentevibrationale.com\/wp-content\/uploads\/2018\/12\/finca-salamanca-300x136.jpg 300w, https:\/\/esentevibrationale.com\/wp-content\/uploads\/2018\/12\/finca-salamanca-768x348.jpg 768w, https:\/\/esentevibrationale.com\/wp-content\/uploads\/2018\/12\/finca-salamanca.jpg 1000w\" sizes=\"auto, (max-width: 300px) 100vw, 300px\" \/><img loading=\"lazy\" decoding=\"async\" class=\"alignnone size-medium wp-image-13662\" src=\"https:\/\/esentevibrationale.com\/wp-content\/uploads\/2022\/01\/IMG_6761-300x225.jpg\" alt=\"\" width=\"300\" height=\"225\" srcset=\"https:\/\/esentevibrationale.com\/wp-content\/uploads\/2022\/01\/IMG_6761-300x225.jpg 300w, https:\/\/esentevibrationale.com\/wp-content\/uploads\/2022\/01\/IMG_6761-768x576.jpg 768w, https:\/\/esentevibrationale.com\/wp-content\/uploads\/2022\/01\/IMG_6761.jpg 1000w\" sizes=\"auto, (max-width: 300px) 100vw, 300px\" \/><strong><img loading=\"lazy\" decoding=\"async\" class=\"alignnone size-medium wp-image-13664\" src=\"https:\/\/esentevibrationale.com\/wp-content\/uploads\/2019\/08\/meer-300x170.jpg\" alt=\"\" width=\"300\" height=\"170\" srcset=\"https:\/\/esentevibrationale.com\/wp-content\/uploads\/2019\/08\/meer-300x170.jpg 300w, https:\/\/esentevibrationale.com\/wp-content\/uploads\/2019\/08\/meer-768x436.jpg 768w, https:\/\/esentevibrationale.com\/wp-content\/uploads\/2019\/08\/meer.jpg 1000w\" sizes=\"auto, (max-width: 300px) 100vw, 300px\" \/><img loading=\"lazy\" decoding=\"async\" class=\"alignnone size-medium wp-image-13665\" src=\"https:\/\/esentevibrationale.com\/wp-content\/uploads\/2022\/01\/IMG_6310-300x225.jpg\" alt=\"\" width=\"300\" height=\"225\" srcset=\"https:\/\/esentevibrationale.com\/wp-content\/uploads\/2022\/01\/IMG_6310-300x225.jpg 300w, https:\/\/esentevibrationale.com\/wp-content\/uploads\/2022\/01\/IMG_6310-768x576.jpg 768w, https:\/\/esentevibrationale.com\/wp-content\/uploads\/2022\/01\/IMG_6310.jpg 1000w\" sizes=\"auto, (max-width: 300px) 100vw, 300px\" \/><\/strong><\/p>\n<p><img loading=\"lazy\" decoding=\"async\" class=\"alignnone size-medium wp-image-13997\" src=\"https:\/\/esentevibrationale.com\/wp-content\/uploads\/2019\/08\/75fb10ae-3584-4f23-92e3-c7c17cd322f7-300x138.jpg\" alt=\"\" width=\"300\" height=\"138\" srcset=\"https:\/\/esentevibrationale.com\/wp-content\/uploads\/2019\/08\/75fb10ae-3584-4f23-92e3-c7c17cd322f7-300x138.jpg 300w, https:\/\/esentevibrationale.com\/wp-content\/uploads\/2019\/08\/75fb10ae-3584-4f23-92e3-c7c17cd322f7-1024x471.jpg 1024w, https:\/\/esentevibrationale.com\/wp-content\/uploads\/2019\/08\/75fb10ae-3584-4f23-92e3-c7c17cd322f7-768x353.jpg 768w, https:\/\/esentevibrationale.com\/wp-content\/uploads\/2019\/08\/75fb10ae-3584-4f23-92e3-c7c17cd322f7-1536x707.jpg 1536w, https:\/\/esentevibrationale.com\/wp-content\/uploads\/2019\/08\/75fb10ae-3584-4f23-92e3-c7c17cd322f7.jpg 1600w\" sizes=\"auto, (max-width: 300px) 100vw, 300px\" \/> <img loading=\"lazy\" decoding=\"async\" class=\"alignnone size-medium wp-image-13998\" src=\"https:\/\/esentevibrationale.com\/wp-content\/uploads\/2019\/08\/49014965-6fdb-400c-baae-75022a142708-300x225.jpg\" alt=\"\" width=\"300\" height=\"225\" srcset=\"https:\/\/esentevibrationale.com\/wp-content\/uploads\/2019\/08\/49014965-6fdb-400c-baae-75022a142708-300x225.jpg 300w, https:\/\/esentevibrationale.com\/wp-content\/uploads\/2019\/08\/49014965-6fdb-400c-baae-75022a142708-1024x768.jpg 1024w, https:\/\/esentevibrationale.com\/wp-content\/uploads\/2019\/08\/49014965-6fdb-400c-baae-75022a142708-768x576.jpg 768w, https:\/\/esentevibrationale.com\/wp-content\/uploads\/2019\/08\/49014965-6fdb-400c-baae-75022a142708-1536x1152.jpg 1536w, https:\/\/esentevibrationale.com\/wp-content\/uploads\/2019\/08\/49014965-6fdb-400c-baae-75022a142708.jpg 2000w\" sizes=\"auto, (max-width: 300px) 100vw, 300px\" \/><\/p>\n","protected":false},"excerpt":{"rendered":"<p>PHI Essences \u00ae \u2013 Andreas KORTE Not\u0103: Aceasta este doar plata \u00een avans de 200 euro pentru \u00eenregistrare. Cursul complet f\u0103r\u0103 zboruri, hoteluri \u0219i alimente cost\u0103 490 Euro. Mai multe informa\u021bii sunt mai jos. Cursul Delfin\u00ae MAGIA DELFINILOR POATE \u00ceNCEPE&#8230; 16 &#8211; 20\u00a0 Martie 2025 &#8211; Limba Francez\u0103 \u020ant\u00e2lnire cu Delfinii Cursul este experimental \u015fi &hellip; <a href=\"https:\/\/esentevibrationale.com\/?product=curs-delfin-23-27-martie-2020-limba-germana\" class=\"more-link\">Continu\u0103 lectura <span class=\"screen-reader-text\">Curs Delfin 16 &#8211; 20 Martie 2026 &#8211; Limba Francez\u0103<\/span> <span class=\"meta-nav\">&rarr;<\/span><\/a><\/p>\n","protected":false},"featured_media":4399,"template":"","meta":[],"product_brand":[],"product_cat":[60],"product_tag":[],"class_list":{"0":"post-4398","1":"product","2":"type-product","3":"status-publish","4":"has-post-thumbnail","6":"product_cat-cursul-delfin-in-tenerife-2026","8":"first","9":"instock","10":"shipping-taxable","11":"purchasable","12":"product-type-simple"},"_links":{"self":[{"href":"https:\/\/esentevibrationale.com\/index.php?rest_route=\/wp\/v2\/product\/4398","targetHints":{"allow":["GET"]}}],"collection":[{"href":"https:\/\/esentevibrationale.com\/index.php?rest_route=\/wp\/v2\/product"}],"about":[{"href":"https:\/\/esentevibrationale.com\/index.php?rest_route=\/wp\/v2\/types\/product"}],"wp:featuredmedia":[{"embeddable":true,"href":"https:\/\/esentevibrationale.com\/index.php?rest_route=\/wp\/v2\/media\/4399"}],"wp:attachment":[{"href":"https:\/\/esentevibrationale.com\/index.php?rest_route=%2Fwp%2Fv2%2Fmedia&parent=4398"}],"wp:term":[{"taxonomy":"product_brand","embeddable":true,"href":"https:\/\/esentevibrationale.com\/index.php?rest_route=%2Fwp%2Fv2%2Fproduct_brand&post=4398"},{"taxonomy":"product_cat","embeddable":true,"href":"https:\/\/esentevibrationale.com\/index.php?rest_route=%2Fwp%2Fv2%2Fproduct_cat&post=4398"},{"taxonomy":"product_tag","embeddable":true,"href":"https:\/\/esentevibrationale.com\/index.php?rest_route=%2Fwp%2Fv2%2Fproduct_tag&post=4398"}],"curies":[{"name":"wp","href":"https:\/\/api.w.org\/{rel}","templated":true}]}}