{"id":445,"date":"2018-10-12T21:07:11","date_gmt":"2018-10-12T20:07:11","guid":{"rendered":"http:\/\/phiessences.com\/Romania\/?post_type=product&#038;p=445"},"modified":"2025-12-30T13:00:57","modified_gmt":"2025-12-30T11:00:57","slug":"blue-saphire-safir-albastru","status":"publish","type":"product","link":"https:\/\/esentevibrationale.com\/?product=blue-saphire-safir-albastru","title":{"rendered":"Blue Saphire \/ Safir Albastru"},"content":{"rendered":"<p>Esen\u0163a este util\u0103 pentru inspira\u0163ie \u015fi pace interioar\u0103. Ne ajut\u0103 s\u0103 ne dep\u0103\u015fim fricile \u015fi promoveaz\u0103\u00a0 somnul odihnitor.<\/p>\n","protected":false},"excerpt":{"rendered":"<p>Esen\u0163a este util\u0103 pentru inspira\u0163ie \u015fi pace interioar\u0103. Ne ajut\u0103 s\u0103 ne dep\u0103\u015fim fricile \u015fi promoveaz\u0103\u00a0 somnul odihnitor.<\/p>\n","protected":false},"featured_media":14756,"template":"","meta":[],"product_brand":[],"product_cat":[18],"product_tag":[],"class_list":{"0":"post-445","1":"product","2":"type-product","3":"status-publish","4":"has-post-thumbnail","6":"product_cat-esente-de-geme","7":"pa_size-15ml","8":"pa_size-30-ml","10":"first","11":"instock","12":"shipping-taxable","13":"purchasable","14":"product-type-variable","15":"has-default-attributes"},"_links":{"self":[{"href":"https:\/\/esentevibrationale.com\/index.php?rest_route=\/wp\/v2\/product\/445","targetHints":{"allow":["GET"]}}],"collection":[{"href":"https:\/\/esentevibrationale.com\/index.php?rest_route=\/wp\/v2\/product"}],"about":[{"href":"https:\/\/esentevibrationale.com\/index.php?rest_route=\/wp\/v2\/types\/product"}],"wp:featuredmedia":[{"embeddable":true,"href":"https:\/\/esentevibrationale.com\/index.php?rest_route=\/wp\/v2\/media\/14756"}],"wp:attachment":[{"href":"https:\/\/esentevibrationale.com\/index.php?rest_route=%2Fwp%2Fv2%2Fmedia&parent=445"}],"wp:term":[{"taxonomy":"product_brand","embeddable":true,"href":"https:\/\/esentevibrationale.com\/index.php?rest_route=%2Fwp%2Fv2%2Fproduct_brand&post=445"},{"taxonomy":"product_cat","embeddable":true,"href":"https:\/\/esentevibrationale.com\/index.php?rest_route=%2Fwp%2Fv2%2Fproduct_cat&post=445"},{"taxonomy":"product_tag","embeddable":true,"href":"https:\/\/esentevibrationale.com\/index.php?rest_route=%2Fwp%2Fv2%2Fproduct_tag&post=445"}],"curies":[{"name":"wp","href":"https:\/\/api.w.org\/{rel}","templated":true}]}}