{"id":449,"date":"2018-10-12T21:12:06","date_gmt":"2018-10-12T20:12:06","guid":{"rendered":"http:\/\/phiessences.com\/Romania\/?post_type=product&#038;p=449"},"modified":"2025-12-30T17:02:12","modified_gmt":"2025-12-30T15:02:12","slug":"piatra-soarelui-sun-stone","status":"publish","type":"product","link":"https:\/\/esentevibrationale.com\/?product=piatra-soarelui-sun-stone","title":{"rendered":"Sun Stone \/ Piatra Soarelui"},"content":{"rendered":"<p>Esen\u021ba ne ajut\u0103 s\u0103 dezleg\u0103m blocajele din plexul solar. Are efect de cur\u0103\u021bare, de vitalizare \u015fi de stimulare. Aceast\u0103 esen\u021b\u0103 restabile\u0219te echilibrul sistemului nostru la nivel mental \u015fi emo\u021bional dup\u0103 un \u0219oc.<\/p>\n","protected":false},"excerpt":{"rendered":"<p>Esen\u021ba ne ajut\u0103 s\u0103 dezleg\u0103m blocajele din plexul solar. Are efect de cur\u0103\u021bare, de vitalizare \u015fi de stimulare. Aceast\u0103 esen\u021b\u0103 restabile\u0219te echilibrul sistemului nostru la nivel mental \u015fi emo\u021bional dup\u0103 un \u0219oc.<\/p>\n","protected":false},"featured_media":450,"template":"","meta":[],"product_brand":[],"product_cat":[18],"product_tag":[],"class_list":{"0":"post-449","1":"product","2":"type-product","3":"status-publish","4":"has-post-thumbnail","6":"product_cat-esente-de-geme","7":"pa_size-15ml","8":"pa_size-30ml","10":"first","11":"instock","12":"shipping-taxable","13":"purchasable","14":"product-type-variable","15":"has-default-attributes"},"_links":{"self":[{"href":"https:\/\/esentevibrationale.com\/index.php?rest_route=\/wp\/v2\/product\/449","targetHints":{"allow":["GET"]}}],"collection":[{"href":"https:\/\/esentevibrationale.com\/index.php?rest_route=\/wp\/v2\/product"}],"about":[{"href":"https:\/\/esentevibrationale.com\/index.php?rest_route=\/wp\/v2\/types\/product"}],"wp:featuredmedia":[{"embeddable":true,"href":"https:\/\/esentevibrationale.com\/index.php?rest_route=\/wp\/v2\/media\/450"}],"wp:attachment":[{"href":"https:\/\/esentevibrationale.com\/index.php?rest_route=%2Fwp%2Fv2%2Fmedia&parent=449"}],"wp:term":[{"taxonomy":"product_brand","embeddable":true,"href":"https:\/\/esentevibrationale.com\/index.php?rest_route=%2Fwp%2Fv2%2Fproduct_brand&post=449"},{"taxonomy":"product_cat","embeddable":true,"href":"https:\/\/esentevibrationale.com\/index.php?rest_route=%2Fwp%2Fv2%2Fproduct_cat&post=449"},{"taxonomy":"product_tag","embeddable":true,"href":"https:\/\/esentevibrationale.com\/index.php?rest_route=%2Fwp%2Fv2%2Fproduct_tag&post=449"}],"curies":[{"name":"wp","href":"https:\/\/api.w.org\/{rel}","templated":true}]}}