{"id":451,"date":"2018-10-12T21:17:30","date_gmt":"2018-10-12T20:17:30","guid":{"rendered":"http:\/\/phiessences.com\/Romania\/?post_type=product&#038;p=451"},"modified":"2025-12-30T13:04:00","modified_gmt":"2025-12-30T11:04:00","slug":"blue-sugalite-sugalit-albastru","status":"publish","type":"product","link":"https:\/\/esentevibrationale.com\/?product=blue-sugalite-sugalit-albastru","title":{"rendered":"Blue Sugalite \/ Sugalit Albastru"},"content":{"rendered":"<p>Esen\u021ba are un efect de eliberare \u015fi de calmare. Esen\u021ba este bun\u0103 pentru medita\u0163ie, viziuni interioare \u015fi pentru toate procesele transpersonale. Promoveaz\u0103 auto-vindecarea \u015fi pacea interioar\u0103.<\/p>\n","protected":false},"excerpt":{"rendered":"<p>Esen\u021ba are un efect de eliberare \u015fi de calmare. Esen\u021ba este bun\u0103 pentru medita\u0163ie, viziuni interioare \u015fi pentru toate procesele transpersonale. Promoveaz\u0103 auto-vindecarea \u015fi pacea interioar\u0103.<\/p>\n","protected":false},"featured_media":14816,"template":"","meta":[],"product_brand":[],"product_cat":[18],"product_tag":[],"class_list":{"0":"post-451","1":"product","2":"type-product","3":"status-publish","4":"has-post-thumbnail","6":"product_cat-esente-de-geme","7":"pa_size-15ml","8":"pa_size-30-ml","10":"first","11":"instock","12":"shipping-taxable","13":"purchasable","14":"product-type-variable","15":"has-default-attributes"},"_links":{"self":[{"href":"https:\/\/esentevibrationale.com\/index.php?rest_route=\/wp\/v2\/product\/451","targetHints":{"allow":["GET"]}}],"collection":[{"href":"https:\/\/esentevibrationale.com\/index.php?rest_route=\/wp\/v2\/product"}],"about":[{"href":"https:\/\/esentevibrationale.com\/index.php?rest_route=\/wp\/v2\/types\/product"}],"wp:featuredmedia":[{"embeddable":true,"href":"https:\/\/esentevibrationale.com\/index.php?rest_route=\/wp\/v2\/media\/14816"}],"wp:attachment":[{"href":"https:\/\/esentevibrationale.com\/index.php?rest_route=%2Fwp%2Fv2%2Fmedia&parent=451"}],"wp:term":[{"taxonomy":"product_brand","embeddable":true,"href":"https:\/\/esentevibrationale.com\/index.php?rest_route=%2Fwp%2Fv2%2Fproduct_brand&post=451"},{"taxonomy":"product_cat","embeddable":true,"href":"https:\/\/esentevibrationale.com\/index.php?rest_route=%2Fwp%2Fv2%2Fproduct_cat&post=451"},{"taxonomy":"product_tag","embeddable":true,"href":"https:\/\/esentevibrationale.com\/index.php?rest_route=%2Fwp%2Fv2%2Fproduct_tag&post=451"}],"curies":[{"name":"wp","href":"https:\/\/api.w.org\/{rel}","templated":true}]}}