{"id":526,"date":"2018-10-24T11:47:51","date_gmt":"2018-10-24T09:47:51","guid":{"rendered":"http:\/\/phiessences.com\/Romania\/?post_type=product&#038;p=526"},"modified":"2026-01-03T16:52:54","modified_gmt":"2026-01-03T14:52:54","slug":"fullhorn-cattleya","status":"publish","type":"product","link":"https:\/\/esentevibrationale.com\/?product=fullhorn-cattleya","title":{"rendered":"F\u00fcllhorn- Cattleya"},"content":{"rendered":"<p><strong>(Cattleya warscewiczi) <\/strong><\/p>\n<p><em>Cu florile sale mari, roz, str\u0103lucitoare, aceast\u0103 Orhidee are o vibra\u021bie fascinant\u0103. Petala sa interioar\u0103 central\u0103 are forma unui corn de bel\u0219ug a\u0219ezat cu susul \u00een jos, care simbolizeaz\u0103 opulen\u021ba \u0219i abunden\u021ba.<\/em><\/p>\n<p><strong><em>Efectul Esen\u021bei: <\/em><\/strong>Esen\u021ba Cattleya creeaz\u0103 din punct de vedere energetic conexiunea dintre cer, om \u0219i p\u0103m\u00e2nt. Ne permite s\u0103 experiment\u0103m iubirea atotcuprinz\u0103toare a universului \u0219i totu\u0219i ne face con\u0219tien\u021bi de c\u00e2t de conecta\u021bi suntem de p\u0103m\u00e2nt \u0219i c\u00e2t de singuri ne putem sim\u021bi. Ne ajut\u0103 s\u0103 fim ca un corn al abunden\u021bei, s\u0103 d\u0103m \u0219i s\u0103 primim, s\u0103 iubim \u0219i s\u0103 experiment\u0103m c\u0103 nu exist\u0103 limite.<\/p>\n<p><strong><em>Efectul Esen\u021bei la Nivel Fizic: <\/em><\/strong>Vibra\u021bia plin\u0103t\u0103\u021bii care ne atinge fiin\u021ba prin aceast\u0103 esen\u021b\u0103, are un efect de armonizare asupra corpului. A fost observat un efect asupra picioarelor, pe care \u00eel are esen\u021ba. Acest lucru poate fi foarte folositor pentru picioarele suprasolicitate: poate fi \u00eencorporat\u0103 \u00eentr-o crem\u0103 \u0219i aplicat\u0103.<\/p>\n<p><strong><em>Efectul Esen\u021bei la Nivel Emo\u021bional: <\/em><\/strong>Persoanele care sunt separate de fluxul \u0219i bucuria vie\u021bii, adesea &#8222;proceseaz\u0103&#8221; via\u021ba pe care nu au tr\u0103it-o, \u00een timp ce \u00ee\u0219i \u021bin emo\u021biile sub control. Esen\u021b\u0103 ne ajut\u0103 s\u0103 \u00een\u021belegem ca toat\u0103 dragostea material\u0103 \u0219i cosmic\u0103 este \u00een abunden\u021b\u0103 f\u0103r\u0103 limite. Emo\u021biile cauzate de limit\u0103ri, blocaje sau inhibi\u021bii pot fi eliberate ajutorul esen\u021bei. Astfel, sim\u021bim \u0219i transmite fluxul intens de iubire.<\/p>\n<p><strong><em>Efectul Esen\u021bei la Nivel Mental: <\/em><\/strong>Esen\u021ba ne ajut\u0103 s\u0103 ne deschidem spre mediu cu o con\u0219tiin\u021b\u0103 nou\u0103 \u0219i s\u0103 descoperim iubirea Universului chiar \u0219i \u00een lucrurile mici. Vom putea transforma acele g\u00e2nduri, care p\u00e2n\u0103 acum au fost str\u00e2ns legate de material sau de exemplu: frica persistent\u0103 de concuren\u021b\u0103 poate fi transformat\u0103. Mental &#8222;cornul abunden\u021bei&#8221; se poate umple cu energie pozitiv\u0103 care se va transforma \u00een vibra\u021bie pozitiv\u0103.<\/p>\n<p><strong><em>Efectul Esen\u021bei la Nivel Spiritual: <\/em><\/strong>Aceast\u0103 esen\u021b\u0103 poate ajuta oamenii care sunt pu\u021bin &#8222;\u00eenr\u0103d\u0103cina\u021bi&#8221; s\u0103 aib\u0103 stabilitate. O astfel de stabilitate se bazeaz\u0103 pe \u00een\u021belepciunea iubirii Universului \u0219i a P\u0103m\u00e2ntului. Vom \u00eenv\u0103\u021ba s\u0103 accept\u0103m con\u0219tient darurile pe care Universul ni le ofer\u0103 \u0219i s\u0103 le transmitem P\u0103m\u00e2ntului.<\/p>\n<p><strong><em>Afirma\u021bia: <\/em><\/strong>Dragostea Universului circul\u0103 prin mine spre P\u0103m\u00e2nt.<\/p>\n<p><strong>Esen\u021ba de Gem\u0103 Corespondent\u0103: <em>Hematita<\/em><\/strong><\/p>\n","protected":false},"excerpt":{"rendered":"<p>(Cattleya warscewiczi) Cu florile sale mari, roz, str\u0103lucitoare, aceast\u0103 Orhidee are o vibra\u021bie fascinant\u0103. Petala sa interioar\u0103 central\u0103 are forma unui corn de bel\u0219ug a\u0219ezat cu susul \u00een jos, care simbolizeaz\u0103 opulen\u021ba \u0219i abunden\u021ba. Efectul Esen\u021bei: Esen\u021ba Cattleya creeaz\u0103 din punct de vedere energetic conexiunea dintre cer, om \u0219i p\u0103m\u00e2nt. Ne permite s\u0103 experiment\u0103m iubirea &hellip; <a href=\"https:\/\/esentevibrationale.com\/?product=fullhorn-cattleya\" class=\"more-link\">Continu\u0103 lectura <span class=\"screen-reader-text\">F\u00fcllhorn- Cattleya<\/span> <span class=\"meta-nav\">&rarr;<\/span><\/a><\/p>\n","protected":false},"featured_media":13204,"template":"","meta":[],"product_brand":[],"product_cat":[25],"product_tag":[],"class_list":{"0":"post-526","1":"product","2":"type-product","3":"status-publish","4":"has-post-thumbnail","6":"product_cat-esente-de-orhidee-din-amazon","7":"pa_size-15ml","8":"pa_size-30ml","10":"first","11":"instock","12":"shipping-taxable","13":"purchasable","14":"product-type-variable","15":"has-default-attributes"},"_links":{"self":[{"href":"https:\/\/esentevibrationale.com\/index.php?rest_route=\/wp\/v2\/product\/526","targetHints":{"allow":["GET"]}}],"collection":[{"href":"https:\/\/esentevibrationale.com\/index.php?rest_route=\/wp\/v2\/product"}],"about":[{"href":"https:\/\/esentevibrationale.com\/index.php?rest_route=\/wp\/v2\/types\/product"}],"wp:featuredmedia":[{"embeddable":true,"href":"https:\/\/esentevibrationale.com\/index.php?rest_route=\/wp\/v2\/media\/13204"}],"wp:attachment":[{"href":"https:\/\/esentevibrationale.com\/index.php?rest_route=%2Fwp%2Fv2%2Fmedia&parent=526"}],"wp:term":[{"taxonomy":"product_brand","embeddable":true,"href":"https:\/\/esentevibrationale.com\/index.php?rest_route=%2Fwp%2Fv2%2Fproduct_brand&post=526"},{"taxonomy":"product_cat","embeddable":true,"href":"https:\/\/esentevibrationale.com\/index.php?rest_route=%2Fwp%2Fv2%2Fproduct_cat&post=526"},{"taxonomy":"product_tag","embeddable":true,"href":"https:\/\/esentevibrationale.com\/index.php?rest_route=%2Fwp%2Fv2%2Fproduct_tag&post=526"}],"curies":[{"name":"wp","href":"https:\/\/api.w.org\/{rel}","templated":true}]}}