{"id":537,"date":"2018-10-24T15:06:49","date_gmt":"2018-10-24T13:06:49","guid":{"rendered":"http:\/\/phiessences.com\/Romania\/?post_type=product&#038;p=537"},"modified":"2026-01-03T16:37:23","modified_gmt":"2026-01-03T14:37:23","slug":"channeling-orchid-orhideea-canalizare","status":"publish","type":"product","link":"https:\/\/esentevibrationale.com\/?product=channeling-orchid-orhideea-canalizare","title":{"rendered":"Channeling Orchid \/ Orhideea Canalizare"},"content":{"rendered":"<p><strong>(Oncidium incum)<\/strong><\/p>\n<p><em>Aceast\u0103 orhidee are frunzele alungite \u00een form\u0103 de sabie, din care apar panicule lungi p\u00e2n\u0103 la 1 m cu multe flori. Florile se deschid \u00een acela\u0219i timp \u0219i amintesc de \u00eengerii mici cu cu coifuri albe.<\/em><\/p>\n<p><strong><em>Efectul Esen\u021be: <\/em><\/strong>Esen\u021ba ne ajut\u0103 s\u0103 intr\u0103m \u00een contact direct cu ghizii no\u0219tri spirituali sau cu sursa noastr\u0103 original\u0103. Mesajele care vin de la ei sunt transmise prin noi. Aceast\u0103 esen\u021b\u0103 este indicat\u0103 pentru indivizii care sunt mesageri \u0219i au nevoie de ajutor \u00een momentele de extenuare.<\/p>\n<p><strong><em>Efectul Esen\u021bei la Nivel Fizic: <\/em><\/strong>Munca mediumului necesit\u0103 nu doar mintea \u0219i sufletul, ci \u0219i corpul. Energia \u0219i mesajele care circul\u0103 prin el au nevoie de un grad ridicat de vitalitate, care \u00eencepe s\u0103 se diminueze dup\u0103 o perioad\u0103 de lucru foarte lung\u0103. Pot ap\u0103rea diferite feluri de oboseal\u0103. Orhideea Canalizare poate ajuta mediumul s\u0103 \u00ee\u0219i recupereze \u00een totalitate energia cu mesajele sale, adic\u0103 s\u0103 o regenereze ulterior holistic.<\/p>\n<p><strong><em>Efectul Esen\u021bei la Nivel Emo\u021bional: <\/em><\/strong>Depinz\u00e2nd de fiecare situa\u021bie \u00een parte, transmiterea mesajelor din lumea spiritual\u0103 ne poate extenua emo\u021bional. \u00cen aceste cazuri, esen\u021ba ajut\u0103 s\u0103 facem fa\u021b\u0103 emo\u021biilor sau s\u0103 le exprim\u0103m, s\u0103 lucr\u0103m cu acestea \u0219i s\u0103 le eliber\u0103m.<\/p>\n<p><strong><em>Efectul Esen\u021bei la Nivel Mental: <\/em><\/strong>Orientarea mental\u0103 clar\u0103 \u0219i disponibilitatea de a transmite mesaje din lumea spiritual\u0103 sunt importante \u00een munca de medium. La nivel mental esen\u021ba Orhideei Canalizare sprijin\u0103 totodat\u0103 procesele de clarificare \u00een zona mental\u0103 care preced canalizarea \u0219i ar trebui s\u0103 aib\u0103 loc \u0219i ulterior.<\/p>\n<p><strong><em>Efectul Esen\u021bei la Nivel Spiritual: <\/em><\/strong>Orhideea Canalizare este conectat\u0103 cu Chakra a-XII-a, conexiunea cu Sursa Divin\u0103. \u00cen acest fel, promoveaz\u0103 contactul direct cu ghizii no\u0219tri spirituali \u0219i cu sursa noastr\u0103 original\u0103, astfel \u00eenc\u00e2t s\u0103 fim capabili s\u0103 primim mesaje \u0219i s\u0103 le transmitem.<\/p>\n<p><strong><em>Afirma\u021bia: <\/em><\/strong>Lumina este \u00een mine. \u00cemi ascult vocea interioar\u0103.<\/p>\n<p><strong>Esen\u021ba de Gem\u0103 Corespondent\u0103:<\/strong> Diamant.<\/p>\n","protected":false},"excerpt":{"rendered":"<p>(Oncidium incum) Aceast\u0103 orhidee are frunzele alungite \u00een form\u0103 de sabie, din care apar panicule lungi p\u00e2n\u0103 la 1 m cu multe flori. Florile se deschid \u00een acela\u0219i timp \u0219i amintesc de \u00eengerii mici cu cu coifuri albe. Efectul Esen\u021be: Esen\u021ba ne ajut\u0103 s\u0103 intr\u0103m \u00een contact direct cu ghizii no\u0219tri spirituali sau cu sursa &hellip; <a href=\"https:\/\/esentevibrationale.com\/?product=channeling-orchid-orhideea-canalizare\" class=\"more-link\">Continu\u0103 lectura <span class=\"screen-reader-text\">Channeling Orchid \/ Orhideea Canalizare<\/span> <span class=\"meta-nav\">&rarr;<\/span><\/a><\/p>\n","protected":false},"featured_media":13209,"template":"","meta":[],"product_brand":[],"product_cat":[25],"product_tag":[],"class_list":{"0":"post-537","1":"product","2":"type-product","3":"status-publish","4":"has-post-thumbnail","6":"product_cat-esente-de-orhidee-din-amazon","7":"pa_size-15ml","8":"pa_size-30ml","10":"first","11":"instock","12":"shipping-taxable","13":"purchasable","14":"product-type-variable","15":"has-default-attributes"},"_links":{"self":[{"href":"https:\/\/esentevibrationale.com\/index.php?rest_route=\/wp\/v2\/product\/537","targetHints":{"allow":["GET"]}}],"collection":[{"href":"https:\/\/esentevibrationale.com\/index.php?rest_route=\/wp\/v2\/product"}],"about":[{"href":"https:\/\/esentevibrationale.com\/index.php?rest_route=\/wp\/v2\/types\/product"}],"wp:featuredmedia":[{"embeddable":true,"href":"https:\/\/esentevibrationale.com\/index.php?rest_route=\/wp\/v2\/media\/13209"}],"wp:attachment":[{"href":"https:\/\/esentevibrationale.com\/index.php?rest_route=%2Fwp%2Fv2%2Fmedia&parent=537"}],"wp:term":[{"taxonomy":"product_brand","embeddable":true,"href":"https:\/\/esentevibrationale.com\/index.php?rest_route=%2Fwp%2Fv2%2Fproduct_brand&post=537"},{"taxonomy":"product_cat","embeddable":true,"href":"https:\/\/esentevibrationale.com\/index.php?rest_route=%2Fwp%2Fv2%2Fproduct_cat&post=537"},{"taxonomy":"product_tag","embeddable":true,"href":"https:\/\/esentevibrationale.com\/index.php?rest_route=%2Fwp%2Fv2%2Fproduct_tag&post=537"}],"curies":[{"name":"wp","href":"https:\/\/api.w.org\/{rel}","templated":true}]}}