{"id":541,"date":"2018-10-24T15:13:59","date_gmt":"2018-10-24T13:13:59","guid":{"rendered":"http:\/\/phiessences.com\/Romania\/?post_type=product&#038;p=541"},"modified":"2026-01-03T16:30:32","modified_gmt":"2026-01-03T14:30:32","slug":"angel-orchid-orhideea-%c8%8bnger","status":"publish","type":"product","link":"https:\/\/esentevibrationale.com\/?product=angel-orchid-orhideea-%c8%8bnger","title":{"rendered":"Angel-Orchid \/ Orhideea \u020anger"},"content":{"rendered":"<p><strong>(Epidendrum secundum) <\/strong><\/p>\n<p><em>Aceast\u0103 specie de orhidee poate fi g\u0103sit\u0103 \u00een mai multe variet\u0103\u021bi de culori cum ar fi: ro\u0219u, galben, portocaliu, albastru, alb \u0219i violet pal. Cea pe care am folosit-o s\u0103 ob\u021binem esen\u021ba este cea violet, care \u00eempreun\u0103 cu cea alb\u0103 reprezint\u0103 nivelul \u00eenalt energetic. Esen\u021ba de Orhidee \u00cenger a fost elaborat\u0103 \u00eentr-un loc sacru al indienilor denumit\u0103 <\/em>Cucunuba, <em>din Chipcha, care \u00eenseamn\u0103 &#8222;locul de l\u00e2ng\u0103 nori&#8221;.<\/em><\/p>\n<p><strong><em>Efectul Esen\u021bei: <\/em><\/strong>Esen\u021ba deschide comunicarea individual\u0103 cu \u00cengerii \u0219i ne face mai u\u0219ori astfel, putem percepe nivelurile superioare de con\u0219tiin\u021b\u0103 \u00een mod holistic.<\/p>\n<p><strong><em>Efectul Esen\u021bei la Nivel Fizic: <\/em><\/strong>Pentru a putea urca la nivelurile mai superioare de con\u0219tiin\u021b\u0103, este necesar\u0103 o vibra\u021bie fizic\u0103 mai u\u0219oar\u0103 \u0219i mai rapid\u0103. Aceast\u0103 esen\u021b\u0103 sus\u021bine procesele energetice care au efect eliberator fizic. Dac\u0103 sentimentele de apatie \u0219i greutate au fost problema, esen\u021ba ne va ajut\u0103 s\u0103 ne sim\u021bim mai u\u0219ori \u0219i ne putem percepe mai flexibili \u0219i mai senzitivi sau ne experiment\u0103m fizic.<\/p>\n<p><strong><em>Efectul Esen\u021bei la Nivel Emo\u021bional: <\/em><\/strong>U\u0219urin\u021ba \u0219i fericirea ne permit s\u0103 g\u0103sim o nou\u0103 abordare pentru a ne exprima emo\u021biile. Pot fi emo\u021bii, care p\u00e2n\u0103 acum ne-au \u00eempiedicat s\u0103 ob\u021binem sau s\u0103 experiment\u0103m niveluri superioare de con\u0219tientizare.<\/p>\n<p><strong><em>Efectul Esen\u021bei la Nivel Mental: <\/em><\/strong>Esen\u021ba promoveaz\u0103 procesul de extindere al con\u0219tiin\u021bei. Comunicarea devine rafinat\u0103, permi\u021b\u00e2ndu-ne \u00a0s\u0103 devenim mai sensibili la sensibili la tot ceea ce se spune \u0219i se simte \u0219i, \u00een cele din urm\u0103, ne conduce la capacitatea de a ne contacta \u0219i de a comunica cu \u00eengerii.<\/p>\n<p><strong><em>Efectul Esen\u021bei la Nivel Spiritual: <\/em><\/strong>Limbajul simbolic al orhideei ofer\u0103 deja indicii cu privire la propriet\u0103\u021bile sale. Planta este \u00eenc\u0103 \u00a0legat\u0103 de P\u0103m\u00e2nt prin r\u0103d\u0103cinile sale din sol, dar formeaz\u0103 un punct pe tulpina intermediar\u0103 a florii. Acest lucru semnific\u0103 faptul c\u0103 are punctul de plecare \u00een cel de Al Treilea Ochi al corpului uman. La \u00eenceput suntem la nivelul petalelor de baz\u0103 ale florii \u0219i apoi prin cel de Al Treilea Ochi venim \u00een contact cu o energia \u00een cre\u0219tere. Esen\u021ba determin\u0103 extinderea con\u0219tiin\u021bei noastre mereu \u00een sus, p\u00e2n\u0103 c\u00e2nd fuzion\u0103m cu nivelul \u00cengerilor \u0219i intr\u0103m \u00een contact cu ei.<\/p>\n<p><strong><em>Afirma\u021bia: <\/em><\/strong>Sunt u\u0219or\/u\u0219oar\u0103 \u0219i m\u0103 conectez cu \u00cengerii.<\/p>\n<p><strong>Esen\u021ba de Gem\u0103 Corespondent\u0103:<em>Turmalina Albastr\u0103 (indigolit\u0103).<\/em><\/strong><\/p>\n","protected":false},"excerpt":{"rendered":"<p>(Epidendrum secundum) Aceast\u0103 specie de orhidee poate fi g\u0103sit\u0103 \u00een mai multe variet\u0103\u021bi de culori cum ar fi: ro\u0219u, galben, portocaliu, albastru, alb \u0219i violet pal. Cea pe care am folosit-o s\u0103 ob\u021binem esen\u021ba este cea violet, care \u00eempreun\u0103 cu cea alb\u0103 reprezint\u0103 nivelul \u00eenalt energetic. Esen\u021ba de Orhidee \u00cenger a fost elaborat\u0103 \u00eentr-un loc &hellip; <a href=\"https:\/\/esentevibrationale.com\/?product=angel-orchid-orhideea-%c8%8bnger\" class=\"more-link\">Continu\u0103 lectura <span class=\"screen-reader-text\">Angel-Orchid \/ Orhideea \u020anger<\/span> <span class=\"meta-nav\">&rarr;<\/span><\/a><\/p>\n","protected":false},"featured_media":13212,"template":"","meta":[],"product_brand":[],"product_cat":[25],"product_tag":[],"class_list":{"0":"post-541","1":"product","2":"type-product","3":"status-publish","4":"has-post-thumbnail","6":"product_cat-esente-de-orhidee-din-amazon","7":"pa_size-15ml","8":"pa_size-30ml","10":"first","11":"instock","12":"shipping-taxable","13":"purchasable","14":"product-type-variable","15":"has-default-attributes"},"_links":{"self":[{"href":"https:\/\/esentevibrationale.com\/index.php?rest_route=\/wp\/v2\/product\/541","targetHints":{"allow":["GET"]}}],"collection":[{"href":"https:\/\/esentevibrationale.com\/index.php?rest_route=\/wp\/v2\/product"}],"about":[{"href":"https:\/\/esentevibrationale.com\/index.php?rest_route=\/wp\/v2\/types\/product"}],"wp:featuredmedia":[{"embeddable":true,"href":"https:\/\/esentevibrationale.com\/index.php?rest_route=\/wp\/v2\/media\/13212"}],"wp:attachment":[{"href":"https:\/\/esentevibrationale.com\/index.php?rest_route=%2Fwp%2Fv2%2Fmedia&parent=541"}],"wp:term":[{"taxonomy":"product_brand","embeddable":true,"href":"https:\/\/esentevibrationale.com\/index.php?rest_route=%2Fwp%2Fv2%2Fproduct_brand&post=541"},{"taxonomy":"product_cat","embeddable":true,"href":"https:\/\/esentevibrationale.com\/index.php?rest_route=%2Fwp%2Fv2%2Fproduct_cat&post=541"},{"taxonomy":"product_tag","embeddable":true,"href":"https:\/\/esentevibrationale.com\/index.php?rest_route=%2Fwp%2Fv2%2Fproduct_tag&post=541"}],"curies":[{"name":"wp","href":"https:\/\/api.w.org\/{rel}","templated":true}]}}