{"id":596,"date":"2018-10-25T08:42:53","date_gmt":"2018-10-25T06:42:53","guid":{"rendered":"http:\/\/phiessences.com\/Romania\/?post_type=product&#038;p=596"},"modified":"2025-12-30T15:13:20","modified_gmt":"2025-12-30T13:13:20","slug":"fire-opal-opal-de-foc","status":"publish","type":"product","link":"https:\/\/esentevibrationale.com\/?product=fire-opal-opal-de-foc","title":{"rendered":"Fire Opal  \/ Opal de Foc"},"content":{"rendered":"<p>Esen\u0163a stimuleaz\u01ce creativitatea \u015fi ne ajut\u0103 s\u0103 eliber\u0103m blocajele interioare. \u00cent\u0103re\u015fte sentimentul de puterea personal\u0103 \u015fi ini\u0163iativa.<\/p>\n","protected":false},"excerpt":{"rendered":"<p>Esen\u0163a stimuleaz\u01ce creativitatea \u015fi ne ajut\u0103 s\u0103 eliber\u0103m blocajele interioare. \u00cent\u0103re\u015fte sentimentul de puterea personal\u0103 \u015fi ini\u0163iativa.<\/p>\n","protected":false},"featured_media":14745,"template":"","meta":[],"product_brand":[],"product_cat":[18],"product_tag":[],"class_list":{"0":"post-596","1":"product","2":"type-product","3":"status-publish","4":"has-post-thumbnail","6":"product_cat-esente-de-geme","7":"pa_size-15ml","8":"pa_size-30ml","10":"first","11":"instock","12":"shipping-taxable","13":"purchasable","14":"product-type-variable","15":"has-default-attributes"},"_links":{"self":[{"href":"https:\/\/esentevibrationale.com\/index.php?rest_route=\/wp\/v2\/product\/596","targetHints":{"allow":["GET"]}}],"collection":[{"href":"https:\/\/esentevibrationale.com\/index.php?rest_route=\/wp\/v2\/product"}],"about":[{"href":"https:\/\/esentevibrationale.com\/index.php?rest_route=\/wp\/v2\/types\/product"}],"wp:featuredmedia":[{"embeddable":true,"href":"https:\/\/esentevibrationale.com\/index.php?rest_route=\/wp\/v2\/media\/14745"}],"wp:attachment":[{"href":"https:\/\/esentevibrationale.com\/index.php?rest_route=%2Fwp%2Fv2%2Fmedia&parent=596"}],"wp:term":[{"taxonomy":"product_brand","embeddable":true,"href":"https:\/\/esentevibrationale.com\/index.php?rest_route=%2Fwp%2Fv2%2Fproduct_brand&post=596"},{"taxonomy":"product_cat","embeddable":true,"href":"https:\/\/esentevibrationale.com\/index.php?rest_route=%2Fwp%2Fv2%2Fproduct_cat&post=596"},{"taxonomy":"product_tag","embeddable":true,"href":"https:\/\/esentevibrationale.com\/index.php?rest_route=%2Fwp%2Fv2%2Fproduct_tag&post=596"}],"curies":[{"name":"wp","href":"https:\/\/api.w.org\/{rel}","templated":true}]}}