{"id":607,"date":"2018-10-25T09:01:54","date_gmt":"2018-10-25T07:01:54","guid":{"rendered":"http:\/\/phiessences.com\/Romania\/?post_type=product&#038;p=607"},"modified":"2025-12-30T15:30:52","modified_gmt":"2025-12-30T13:30:52","slug":"malachite-malahit","status":"publish","type":"product","link":"https:\/\/esentevibrationale.com\/?product=malachite-malahit","title":{"rendered":"Malachite \/ Malahit"},"content":{"rendered":"<p>Esen\u0163a cur\u0103\u0163\u0103 \u015fi echilibreaz\u0103 Chakrele. Ne aduce bucuria de a tr\u0103i, \u00een\u0163elegere reciproc\u0103 \u015fi iubire. Ne ajut\u0103 s\u0103 construim o perspectiv\u0103 pozitiv\u0103 despre via\u0163\u0103.<\/p>\n","protected":false},"excerpt":{"rendered":"<p>Esen\u0163a cur\u0103\u0163\u0103 \u015fi echilibreaz\u0103 Chakrele. Ne aduce bucuria de a tr\u0103i, \u00een\u0163elegere reciproc\u0103 \u015fi iubire. Ne ajut\u0103 s\u0103 construim o perspectiv\u0103 pozitiv\u0103 despre via\u0163\u0103.<\/p>\n","protected":false},"featured_media":608,"template":"","meta":[],"product_brand":[],"product_cat":[18],"product_tag":[],"class_list":{"0":"post-607","1":"product","2":"type-product","3":"status-publish","4":"has-post-thumbnail","6":"product_cat-esente-de-geme","7":"pa_size-15ml","8":"pa_size-30ml","10":"first","11":"instock","12":"shipping-taxable","13":"purchasable","14":"product-type-variable","15":"has-default-attributes"},"_links":{"self":[{"href":"https:\/\/esentevibrationale.com\/index.php?rest_route=\/wp\/v2\/product\/607","targetHints":{"allow":["GET"]}}],"collection":[{"href":"https:\/\/esentevibrationale.com\/index.php?rest_route=\/wp\/v2\/product"}],"about":[{"href":"https:\/\/esentevibrationale.com\/index.php?rest_route=\/wp\/v2\/types\/product"}],"wp:featuredmedia":[{"embeddable":true,"href":"https:\/\/esentevibrationale.com\/index.php?rest_route=\/wp\/v2\/media\/608"}],"wp:attachment":[{"href":"https:\/\/esentevibrationale.com\/index.php?rest_route=%2Fwp%2Fv2%2Fmedia&parent=607"}],"wp:term":[{"taxonomy":"product_brand","embeddable":true,"href":"https:\/\/esentevibrationale.com\/index.php?rest_route=%2Fwp%2Fv2%2Fproduct_brand&post=607"},{"taxonomy":"product_cat","embeddable":true,"href":"https:\/\/esentevibrationale.com\/index.php?rest_route=%2Fwp%2Fv2%2Fproduct_cat&post=607"},{"taxonomy":"product_tag","embeddable":true,"href":"https:\/\/esentevibrationale.com\/index.php?rest_route=%2Fwp%2Fv2%2Fproduct_tag&post=607"}],"curies":[{"name":"wp","href":"https:\/\/api.w.org\/{rel}","templated":true}]}}