{"id":629,"date":"2018-10-25T10:17:53","date_gmt":"2018-10-25T08:17:53","guid":{"rendered":"http:\/\/phiessences.com\/Romania\/?post_type=product&#038;p=629"},"modified":"2025-12-30T17:08:26","modified_gmt":"2025-12-30T15:08:26","slug":"amethyst-deceiver-amagitoarea-de-ametist","status":"publish","type":"product","link":"https:\/\/esentevibrationale.com\/?product=amethyst-deceiver-amagitoarea-de-ametist","title":{"rendered":"Amethyst Deceiver \/ Am\u0103gitoarea de Ametist"},"content":{"rendered":"<p><strong>(Laccaria amethystea)<\/strong><\/p>\n<p><em>Am\u0103gitoarea de Ametist poate fi g\u0103sit\u0103 \u00een principal, \u00een p\u0103durile de foioase, adesea sub fagi. Printre locurile sale favorite sunt totodat\u0103 \u0219i terenurile ml\u0103\u0219tinoase sau cele acoperite de mu\u0219chi. Poate fi g\u0103sit\u0103 din abunden\u021b\u0103 \u00eentre lunile august \u0219i octombrie. P\u0103l\u0103ria sa, de un violet str\u0103lucitor, poate atinge un diametru \u00eentre 2 &#8211; 5 cm. Lamelele sale au aceea\u0219i nuan\u021b\u0103 mov, sunt bombate \u0219i cresc complet \u00eempreun\u0103. Datorit\u0103 culorii sale este cea mai u\u0219or de recunoscut ciuperc\u0103 din genul Laccaria care are 12 specii netoxice.<\/em><\/p>\n<p><strong><em>Efectul Esen\u021bei: <\/em><\/strong>Esen\u021ba Am\u0103gitoarei de Ametist sprijin\u0103 toate procesele, at\u00e2t pe cele interioare, c\u00e2t \u0219i pe cele de transformare, ne elibereaz\u0103 de poverile noastre \u0219i stresul este ameliorat.<\/p>\n<p><strong><em>Efectul Esen\u021bei la Nivel Fizic: <\/em><\/strong>\u00cen perioadele de revoltare \u0219i de schimbare, esen\u021ba ne poate ajuta prevenind ca problemele mentale s\u0103 se reflecte \u00een disconfort fizic. Contribuie la finalizarea proceselor \u0219i astfel, corpul nu mai este afectat de ele (intestinele, ficatul sau inima).<\/p>\n<p><strong><em>Efectul Esen\u021bei la Nivel Emo\u021bional: <\/em><\/strong>Esen\u021ba Am\u0103gitoarei de Ametist &#8222;aduce la lumin\u0103&#8221; problemele personale care pot cauza numeroase blocaje de anvergur\u0103 \u0219i \u00een acela\u0219i timp, scormone\u0219te \u00een emo\u021biile sau \u00een otr\u0103vurile emo\u021bionale, care sunt asociate blocajelor. \u00cen aceast\u0103 con\u0219tientizare se afl\u0103 baza vindec\u0103rii finale \u0219i a \u00eencheierii procesului de via\u021b\u0103 stresant.<\/p>\n<p><strong><em>Efectul Esen\u021bei la Nivel Mental: <\/em><\/strong>Emo\u021biile reprimate \u0219i problemele pot d\u0103una \u0219i bloca considerabil energia mental\u0103. Esen\u021ba ne sprijin\u0103 s\u0103 distrugem obiceiuri mentale mai vechi \u0219i s\u0103 eliber\u0103m blocajele noastre mentale.<\/p>\n<p><strong><em>Efectul Esen\u021bei la Nivel Spiritual: <\/em><\/strong>Esen\u021ba Am\u0103gitoarei de Ametist are un efect puternic asupra celui de Al Treilea Ochi (Chakra a-VI-a). Cu aceasta suntem dornici s\u0103 elimin\u0103m percep\u021biile \u0219i experien\u021bele negative \u0219i astfel, suntem liberi s\u0103 urm\u0103m cai noi spirituale.<\/p>\n<p><strong><em>Afirma\u021bia<\/em><\/strong><em>: <\/em>Recunosc ceea ce m-a otr\u0103vit \u0219i scap de aceast\u0103 otrav\u0103. Deci, experimentez o libertate nelimitat\u0103 de care m\u0103 bucur.<\/p>\n","protected":false},"excerpt":{"rendered":"<p><img loading=\"lazy\" decoding=\"async\" class=\"alignnone size-full wp-image-630\" src=\"http:\/\/phiessences.com\/Romania\/wp-content\/uploads\/2018\/10\/1.jpg\" alt=\"\" width=\"68\" height=\"86\" \/><\/p>\n","protected":false},"featured_media":634,"template":"","meta":[],"product_brand":[],"product_cat":[19],"product_tag":[],"class_list":{"0":"post-629","1":"product","2":"type-product","3":"status-publish","4":"has-post-thumbnail","6":"product_cat-esente-de-ciuperci","7":"pa_size-15ml","8":"pa_size-30ml","10":"first","11":"instock","12":"shipping-taxable","13":"purchasable","14":"product-type-variable","15":"has-default-attributes"},"_links":{"self":[{"href":"https:\/\/esentevibrationale.com\/index.php?rest_route=\/wp\/v2\/product\/629","targetHints":{"allow":["GET"]}}],"collection":[{"href":"https:\/\/esentevibrationale.com\/index.php?rest_route=\/wp\/v2\/product"}],"about":[{"href":"https:\/\/esentevibrationale.com\/index.php?rest_route=\/wp\/v2\/types\/product"}],"wp:featuredmedia":[{"embeddable":true,"href":"https:\/\/esentevibrationale.com\/index.php?rest_route=\/wp\/v2\/media\/634"}],"wp:attachment":[{"href":"https:\/\/esentevibrationale.com\/index.php?rest_route=%2Fwp%2Fv2%2Fmedia&parent=629"}],"wp:term":[{"taxonomy":"product_brand","embeddable":true,"href":"https:\/\/esentevibrationale.com\/index.php?rest_route=%2Fwp%2Fv2%2Fproduct_brand&post=629"},{"taxonomy":"product_cat","embeddable":true,"href":"https:\/\/esentevibrationale.com\/index.php?rest_route=%2Fwp%2Fv2%2Fproduct_cat&post=629"},{"taxonomy":"product_tag","embeddable":true,"href":"https:\/\/esentevibrationale.com\/index.php?rest_route=%2Fwp%2Fv2%2Fproduct_tag&post=629"}],"curies":[{"name":"wp","href":"https:\/\/api.w.org\/{rel}","templated":true}]}}