{"id":6656,"date":"2019-11-26T11:56:20","date_gmt":"2019-11-26T09:56:20","guid":{"rendered":"https:\/\/esentevibrationale.com\/?post_type=product&#038;p=6656"},"modified":"2024-12-23T17:20:46","modified_gmt":"2024-12-23T15:20:46","slug":"211-farley-mount-uk-2019-muntele-farley-anglia-2019","status":"publish","type":"product","link":"https:\/\/esentevibrationale.com\/?product=211-farley-mount-uk-2019-muntele-farley-anglia-2019","title":{"rendered":"211.) Farley Mount, UK (2019) \/ Muntele Farley, Anglia, (2019)"},"content":{"rendered":"<p><img loading=\"lazy\" decoding=\"async\" class=\"alignnone size-medium wp-image-13881\" src=\"https:\/\/esentevibrationale.com\/wp-content\/uploads\/2019\/11\/2111-101x300.jpg\" alt=\"\" width=\"101\" height=\"300\" srcset=\"https:\/\/esentevibrationale.com\/wp-content\/uploads\/2019\/11\/2111-101x300.jpg 101w, https:\/\/esentevibrationale.com\/wp-content\/uploads\/2019\/11\/2111.jpg 300w\" sizes=\"auto, (max-width: 101px) 100vw, 101px\" \/><\/p>\n<p>Esen\u021ba rezonan\u021bei \u0219i a vibra\u021biilor crescute. Totul este \u00een rezonan\u021b\u0103, de la cele mai mici particule elementare \u0219i atomi p\u00e2n\u0103 la planete \u0219i galaxii. Prin controlarea g\u00e2ndirii \u0219i a ac\u021biunilor noastre cu inteligen\u021b\u0103, totodat\u0103, \u00eenv\u0103\u021b\u0103m s\u0103 ne facem \u201efiin\u021ba\u201d mai con\u0219tient\u0103.<\/p>\n","protected":false},"excerpt":{"rendered":"<p>Esen\u021ba rezonan\u021bei \u0219i a vibra\u021biilor crescute. Totul este \u00een rezonan\u021b\u0103, de la cele mai mici particule elementare \u0219i atomi p\u00e2n\u0103 la planete \u0219i galaxii. Prin controlarea g\u00e2ndirii \u0219i a ac\u021biunilor noastre cu inteligen\u021b\u0103, totodat\u0103, \u00eenv\u0103\u021b\u0103m s\u0103 ne facem \u201efiin\u021ba\u201d mai con\u0219tient\u0103.<\/p>\n","protected":false},"featured_media":6657,"template":"","meta":[],"product_brand":[],"product_cat":[54],"product_tag":[],"class_list":{"0":"post-6656","1":"product","2":"type-product","3":"status-publish","4":"has-post-thumbnail","6":"product_cat-esentele-crete-cu-ajutorul-energiei-cercurilor-aparute-in-lanurile-de-recolte","7":"pa_size-15ml","8":"pa_size-30ml","10":"first","11":"instock","12":"shipping-taxable","13":"purchasable","14":"product-type-variable","15":"has-default-attributes"},"_links":{"self":[{"href":"https:\/\/esentevibrationale.com\/index.php?rest_route=\/wp\/v2\/product\/6656","targetHints":{"allow":["GET"]}}],"collection":[{"href":"https:\/\/esentevibrationale.com\/index.php?rest_route=\/wp\/v2\/product"}],"about":[{"href":"https:\/\/esentevibrationale.com\/index.php?rest_route=\/wp\/v2\/types\/product"}],"wp:featuredmedia":[{"embeddable":true,"href":"https:\/\/esentevibrationale.com\/index.php?rest_route=\/wp\/v2\/media\/6657"}],"wp:attachment":[{"href":"https:\/\/esentevibrationale.com\/index.php?rest_route=%2Fwp%2Fv2%2Fmedia&parent=6656"}],"wp:term":[{"taxonomy":"product_brand","embeddable":true,"href":"https:\/\/esentevibrationale.com\/index.php?rest_route=%2Fwp%2Fv2%2Fproduct_brand&post=6656"},{"taxonomy":"product_cat","embeddable":true,"href":"https:\/\/esentevibrationale.com\/index.php?rest_route=%2Fwp%2Fv2%2Fproduct_cat&post=6656"},{"taxonomy":"product_tag","embeddable":true,"href":"https:\/\/esentevibrationale.com\/index.php?rest_route=%2Fwp%2Fv2%2Fproduct_tag&post=6656"}],"curies":[{"name":"wp","href":"https:\/\/api.w.org\/{rel}","templated":true}]}}