{"id":777,"date":"2018-10-26T09:28:56","date_gmt":"2018-10-26T07:28:56","guid":{"rendered":"http:\/\/phiessences.com\/Romania\/?post_type=product&#038;p=777"},"modified":"2025-12-30T17:12:56","modified_gmt":"2025-12-30T15:12:56","slug":"clustered-tought-shank","status":"publish","type":"product","link":"https:\/\/esentevibrationale.com\/?product=clustered-tought-shank","title":{"rendered":"Clustered Tought Shank \/ Gheb\u0103 de Stejar"},"content":{"rendered":"<p><strong>(collybia confluens)<\/strong><\/p>\n<p><em>Numele ciupercii (clustered tough shank) Gheba de Stejar se datoreaz\u0103 unei caracteristici exclusive. Dac\u0103 p\u0103l\u0103ria sa este ridicat\u0103 rapid, pe tulpina r\u0103m\u00e2ne un nodul \u00een form\u0103 de nasture. Exist\u0103 aproximativ 20 de specii ale acestei ciuperci. Este o ciuperc\u0103 comestibil\u0103 \u0219i poate fi g\u0103sit\u0103 \u00eentre lunile august \u0219i septembrie pe suprafe\u021bele \u00eemp\u0103durite \u0219i \u00een p\u0103durile de conifere. \u00cen special, cre\u0219te de-a lungul frunzi\u0219ului form\u00e2nd m\u0103nunchiuri mari.<\/em><\/p>\n<p><strong><em>Efectul Esen\u021bei: <\/em><\/strong>Esen\u021ba Ghebei de Stejar ac\u021bioneaz\u0103 asupra &#8222;antenelor noastre spirituale&#8221; \u0219i ne face s\u0103 devenim mai senzitivi la toate nivelurile energetice.<\/p>\n<p><strong><em>Efectul Esen\u021bei la Nivel Fizic: <\/em><\/strong>Aceast\u0103 esen\u021b\u0103 are un efect notabil asupra p\u0103rului. P\u0103rul ca &#8222;antene fizice&#8221;, reac\u021bioneaz\u0103 \u0219i ne \u00eendreapt\u0103 spre influen\u021bele exterioare negative. De asemenea, percepem cu o precizie mai mare reac\u021biile corporale, \u00een acela\u0219i mod \u00een care corpul ne sugereaz\u0103 c\u0103 avem nevoie de odihn\u0103 (care este adesea auzit).<\/p>\n<p><strong><em>Efectul Esen\u021bei la Nivel Emo\u021bional: <\/em><\/strong>Prin o percep\u021bie mai sensibil\u0103 a sentimentelor altor persoane, aceast\u0103 esen\u021b\u0103 contribuie \u00een mod pozitiv \u00een rela\u021biile interumane. Vom putea face fa\u021b\u0103 mai u\u0219or propriilor emo\u021bii, s\u0103 ne confrunt\u0103m cu negativitatea \u0219i s\u0103 o risipim.<\/p>\n<p><strong><em>Efectul Esen\u021bei la Nivel Mental: <\/em><\/strong>Esen\u021ba clarific\u0103 mediul nostru mental, mintea devine liber\u0103 \u0219i este preg\u0103tit\u0103 s\u0103 \u00een\u021beleag\u0103 informa\u021bia. Astfel, &#8222;antenele&#8221; noastre nu sunt limitate de mediul mental deja cunoscut, \u00eens\u0103 sunt deschise c\u0103tre o nou\u0103 percep\u021bie spiritual\u0103. Astfel, procesul de dezvoltare mental\u0103 poate fi \u00eembun\u0103t\u0103\u021bit \u0219i intensificat (planificarea).<\/p>\n<p><strong><em>Efectul Esen\u021bei la Nivel Spiritual: <\/em><\/strong>Totodat\u0103 esen\u021ba acestei ciuperci intensific\u0103 percep\u021bia spiritual\u0103. Vom deveni capabili s\u0103 experiment\u0103m dimensiuni spirituale superioare \u0219i s\u0103 le transfer\u0103m cotidianul nostru<\/p>\n<p><strong><em>Afirma\u021bia: <\/em><\/strong>Sufletul meu \u0219i sim\u021burile mele sunt deschise \u0219i primesc cele mai bune informa\u021bii.<\/p>\n","protected":false},"excerpt":{"rendered":"<p>(collybia confluens) Numele ciupercii (clustered tough shank) Gheba de Stejar se datoreaz\u0103 unei caracteristici exclusive. Dac\u0103 p\u0103l\u0103ria sa este ridicat\u0103 rapid, pe tulpina r\u0103m\u00e2ne un nodul \u00een form\u0103 de nasture. Exist\u0103 aproximativ 20 de specii ale acestei ciuperci. Este o ciuperc\u0103 comestibil\u0103 \u0219i poate fi g\u0103sit\u0103 \u00eentre lunile august \u0219i septembrie pe suprafe\u021bele \u00eemp\u0103durite \u0219i &hellip; <a href=\"https:\/\/esentevibrationale.com\/?product=clustered-tought-shank\" class=\"more-link\">Continu\u0103 lectura <span class=\"screen-reader-text\">Clustered Tought Shank \/ Gheb\u0103 de Stejar<\/span> <span class=\"meta-nav\">&rarr;<\/span><\/a><\/p>\n","protected":false},"featured_media":780,"template":"","meta":[],"product_brand":[],"product_cat":[19],"product_tag":[],"class_list":{"0":"post-777","1":"product","2":"type-product","3":"status-publish","4":"has-post-thumbnail","6":"product_cat-esente-de-ciuperci","7":"pa_size-15ml","8":"pa_size-30ml","10":"first","11":"instock","12":"shipping-taxable","13":"purchasable","14":"product-type-variable","15":"has-default-attributes"},"_links":{"self":[{"href":"https:\/\/esentevibrationale.com\/index.php?rest_route=\/wp\/v2\/product\/777","targetHints":{"allow":["GET"]}}],"collection":[{"href":"https:\/\/esentevibrationale.com\/index.php?rest_route=\/wp\/v2\/product"}],"about":[{"href":"https:\/\/esentevibrationale.com\/index.php?rest_route=\/wp\/v2\/types\/product"}],"wp:featuredmedia":[{"embeddable":true,"href":"https:\/\/esentevibrationale.com\/index.php?rest_route=\/wp\/v2\/media\/780"}],"wp:attachment":[{"href":"https:\/\/esentevibrationale.com\/index.php?rest_route=%2Fwp%2Fv2%2Fmedia&parent=777"}],"wp:term":[{"taxonomy":"product_brand","embeddable":true,"href":"https:\/\/esentevibrationale.com\/index.php?rest_route=%2Fwp%2Fv2%2Fproduct_brand&post=777"},{"taxonomy":"product_cat","embeddable":true,"href":"https:\/\/esentevibrationale.com\/index.php?rest_route=%2Fwp%2Fv2%2Fproduct_cat&post=777"},{"taxonomy":"product_tag","embeddable":true,"href":"https:\/\/esentevibrationale.com\/index.php?rest_route=%2Fwp%2Fv2%2Fproduct_tag&post=777"}],"curies":[{"name":"wp","href":"https:\/\/api.w.org\/{rel}","templated":true}]}}