{"id":781,"date":"2018-10-26T09:32:28","date_gmt":"2018-10-26T07:32:28","guid":{"rendered":"http:\/\/phiessences.com\/Romania\/?post_type=product&#038;p=781"},"modified":"2025-12-30T17:52:52","modified_gmt":"2025-12-30T15:52:52","slug":"trumpet-funnal-cap-palniora-uriasa","status":"publish","type":"product","link":"https:\/\/esentevibrationale.com\/?product=trumpet-funnal-cap-palniora-uriasa","title":{"rendered":"Trumpet Funnal Cap \/ P\u00e2lniora Uria\u015f\u0103"},"content":{"rendered":"<p><strong>(<\/strong><strong>Infundibulicybe geotropa<\/strong><strong>)<\/strong><\/p>\n<p><em>Forma neobi\u0219nuit\u0103 a p\u0103l\u0103riei sale aminte\u0219te de o p\u0103l\u0103rie mare, totodat\u0103, este numit\u0103 &#8222;Hornul Gigant&#8221;, \u0219i are diametru \u00eentre 5 &#8211; 25 cm. Aceast\u0103 ciuperc\u0103 comestibil\u0103 poate fi identificat\u0103 u\u0219or dup\u0103 p\u0103l\u0103ria sa, \u00een locurile \u00eemp\u0103durite \u0219i \u00een p\u0103durile de foioase \u0219i conifere, \u00eentre lunile septembrie \u0219i noiembrie \u00een solurile calcaroase \u0219i formeaz\u0103 adesea colec\u021bii \u00een form\u0103 de inel sau r\u00e2nd. Una dintre caracteristicile sale cele mai remarcabile este ridic\u0103tura de pe p\u0103l\u0103rie, similar\u0103 unui mamelon care este ascuns sub p\u00e2lnie.<\/em><\/p>\n<p><strong><em>Efectul Esen\u021bei: <\/em><\/strong>Esen\u021ba P\u00e2lnioarei Uria\u0219e calmeaz\u0103 tulbur\u0103ri energetice \u0219i dizolv\u0103 blocajele energetice \u00een Prima \u0219i \u00een Chakra a- II-a.<\/p>\n<p><strong><em>Efectul Esen\u021bei la Nivel Fizic: <\/em><\/strong>Esen\u021ba P\u00e2lnioarei Uria\u0219e promoveaz\u0103 vitalitatea noastr\u0103 fizic\u0103 dar \u0219i pe cea holistic\u0103. \u00cen special, sus\u021bine diversificarea energetic\u0103 a informa\u021biilor despre toxine \u00een cazul unui atac fungic.<\/p>\n<p><strong><em>Efectul Esen\u021bei la Nivel Emo\u021bional: <\/em><\/strong>Prin aceast\u0103 esen\u021b\u0103 putem influen\u021ba \u00een mod pozitiv Chakra a-II-a, care ac\u021bioneaz\u0103 ca centru al blocajelor emo\u021bionale. Ne elibereaz\u0103 de otr\u0103vurile emo\u021bionale \u0219i transmite o nou\u0103 vitalitate corpului nostru emo\u021bional.<\/p>\n<p><strong><em>Efectul Esen\u021bei la Nivel Mental: <\/em><\/strong>Esen\u021ba poate fi de ajutor, \u00een special, c\u00e2nd exist\u0103 neputin\u021b\u0103 din punct de vedere fizic \u0219i mental la fel ca \u0219i \u00een cazul efectelor bolilor fungice (sl\u0103birea \u0219i anomali \u00een concentrare, etc.) care au impact asupra energiei mentale. Ac\u021bioneaz\u0103 la nivel fizic \u0219i elibereaz\u0103 informa\u021biile toxice \u0219i ne transmite o energie nou\u0103. Astfel ne sus\u021binem creierul \u0219i \u00een acela\u0219i timp se dezvolt\u0103 o nou\u0103 putere mental\u0103.<\/p>\n<p><strong><em>Efectul Esen\u021bei la Nivel Spiritual: <\/em><\/strong>Energia noastr\u0103 spiritual\u0103 prime\u0219te noi impulsuri prin eliberarea nepl\u0103cerilor de la nivel corporal \u0219i a blocajelor de la nivelele mental \u0219i emo\u021bional. \u00cen plus, aceast\u0103 esen\u021b\u0103 permite s\u0103 fim condu\u0219i de c\u0103tre experien\u021bele spiritu- ale spre descoperirea sensului vie\u021bii \u0219i ne sprijin\u0103 s\u0103 ne \u00een\u021belegem clar sentimentele.<\/p>\n<p><strong><em>Afirma\u021bia: <\/em><\/strong>M\u0103 purific \u0219i primesc o energie vital\u0103 nou\u0103.<\/p>\n","protected":false},"excerpt":{"rendered":"<p>(Infundibulicybe geotropa) Forma neobi\u0219nuit\u0103 a p\u0103l\u0103riei sale aminte\u0219te de o p\u0103l\u0103rie mare, totodat\u0103, este numit\u0103 &#8222;Hornul Gigant&#8221;, \u0219i are diametru \u00eentre 5 &#8211; 25 cm. Aceast\u0103 ciuperc\u0103 comestibil\u0103 poate fi identificat\u0103 u\u0219or dup\u0103 p\u0103l\u0103ria sa, \u00een locurile \u00eemp\u0103durite \u0219i \u00een p\u0103durile de foioase \u0219i conifere, \u00eentre lunile septembrie \u0219i noiembrie \u00een solurile calcaroase \u0219i formeaz\u0103 &hellip; <a href=\"https:\/\/esentevibrationale.com\/?product=trumpet-funnal-cap-palniora-uriasa\" class=\"more-link\">Continu\u0103 lectura <span class=\"screen-reader-text\">Trumpet Funnal Cap \/ P\u00e2lniora Uria\u015f\u0103<\/span> <span class=\"meta-nav\">&rarr;<\/span><\/a><\/p>\n","protected":false},"featured_media":784,"template":"","meta":[],"product_brand":[],"product_cat":[19],"product_tag":[],"class_list":{"0":"post-781","1":"product","2":"type-product","3":"status-publish","4":"has-post-thumbnail","6":"product_cat-esente-de-ciuperci","7":"pa_size-15ml","8":"pa_size-30ml","10":"first","11":"instock","12":"shipping-taxable","13":"purchasable","14":"product-type-variable","15":"has-default-attributes"},"_links":{"self":[{"href":"https:\/\/esentevibrationale.com\/index.php?rest_route=\/wp\/v2\/product\/781","targetHints":{"allow":["GET"]}}],"collection":[{"href":"https:\/\/esentevibrationale.com\/index.php?rest_route=\/wp\/v2\/product"}],"about":[{"href":"https:\/\/esentevibrationale.com\/index.php?rest_route=\/wp\/v2\/types\/product"}],"wp:featuredmedia":[{"embeddable":true,"href":"https:\/\/esentevibrationale.com\/index.php?rest_route=\/wp\/v2\/media\/784"}],"wp:attachment":[{"href":"https:\/\/esentevibrationale.com\/index.php?rest_route=%2Fwp%2Fv2%2Fmedia&parent=781"}],"wp:term":[{"taxonomy":"product_brand","embeddable":true,"href":"https:\/\/esentevibrationale.com\/index.php?rest_route=%2Fwp%2Fv2%2Fproduct_brand&post=781"},{"taxonomy":"product_cat","embeddable":true,"href":"https:\/\/esentevibrationale.com\/index.php?rest_route=%2Fwp%2Fv2%2Fproduct_cat&post=781"},{"taxonomy":"product_tag","embeddable":true,"href":"https:\/\/esentevibrationale.com\/index.php?rest_route=%2Fwp%2Fv2%2Fproduct_tag&post=781"}],"curies":[{"name":"wp","href":"https:\/\/api.w.org\/{rel}","templated":true}]}}