{"id":793,"date":"2018-10-26T09:48:45","date_gmt":"2018-10-26T07:48:45","guid":{"rendered":"http:\/\/phiessences.com\/Romania\/?post_type=product&#038;p=793"},"modified":"2025-12-30T17:51:49","modified_gmt":"2025-12-30T15:51:49","slug":"velvet-shank-picior-de-catifea","status":"publish","type":"product","link":"https:\/\/esentevibrationale.com\/?product=velvet-shank-picior-de-catifea","title":{"rendered":"Velvet Shank \/ Picior de Catifea"},"content":{"rendered":"<p><strong>(Flammulina velutipes)<\/strong><\/p>\n<p><em>Aceast\u0103 ciuperc\u0103 cre\u0219te \u00een smocuri pe lemn tare \u00eentre lunile august \u0219i aprilie \u00een, timpul iernii. Se poate recunoa\u0219te dup\u0103 p\u0103l\u0103ria sa g\u0103lbui maronie. Este umed\u0103, \u00eentr-o oare- care m\u0103sur\u0103 lipicioas\u0103 \u0219i moale. P\u0103l\u0103ria poate m\u0103sura \u00eentre 1 &#8211; 6 cm \u0219i este \u00eenconjurat\u0103 jos \u0219i sus de p\u0103l\u0103riile altor ciuperci din aceea\u0219i specie. De asemenea, tulpina de catifea brun\u0103 este cel mai de \u00eencredere mijloc de recunoa\u0219tere a acestei ciuperci.<\/em><\/p>\n<p><strong><em>Efectul Esen\u021bei: <\/em><\/strong>Esen\u021ba Ciupercii Picior de Catifea transmite prospe\u021bime \u0219i u\u0219urin\u021b\u0103 tiparelor noastre de g\u00e2ndire \u0219i ne ajut\u0103 s\u0103 sc\u0103p\u0103m de structurile \u00eenvechite.<\/p>\n<p><strong><em>Efectul Esen\u021bei la Nivel Fizic: <\/em><\/strong>Esen\u021ba transmite impulsuri, de exemplu: pentru a s\u0103 dep\u0103\u0219i afec\u021biunile de lung\u0103 durat\u0103. Ne ajut\u0103 la determinarea proceselor de regenerare \u0219i la dezvoltarea g\u00e2ndurilor s\u0103n\u0103toase \u00een locul celor boln\u0103vicioase. Are un efect de revitalizare \u0219i promoveaz\u0103 prospe\u021bimea fizic\u0103 \u0219i bun\u0103stare.<\/p>\n<p><strong><em>Efectul Esen\u021bei la Nivel Emo\u021bional: <\/em><\/strong>Un aer proasp\u0103t \u0219i o considerare nou\u0103 asupra emo\u021biilor amor\u021bite sunt transmise de c\u0103tre esen\u021b\u0103, facilit\u00e2nd reflectarea asupra emo\u021biilor din trecut \u0219i ne permite s\u0103 le studiem \u0219i \u00een cele din urm\u0103 s\u0103 le elimin\u0103m f\u0103c\u00e2nd loc sentimentelor noi pozitive.<\/p>\n<p><strong><em>Efectul Esen\u021bei la Nivel Mental:<\/em><\/strong> S\u0103n\u0103tatea \u0219i bun\u0103starea corpului, min\u021bii \u0219i a sufletului \u00eencep din cap, astfel esen\u021ba poate contribui la eliberarea tiparelor de g\u00e2ndire \u00eenvechite. Prin ajutorul acestei esen\u021be suntem invada\u021bi de o calmitate mental\u0103 \u0219i o dispozi\u021bie s\u0103 ne redirec\u021bion\u0103m propriile g\u00e2nduri.<\/p>\n<p><strong><em>Efectul Esen\u021bei la Nivel Spiritual: <\/em><\/strong>Sentimentul de prospe\u021bime \u0219i de u\u0219urin\u021b\u0103, desprinderea de vechile leg\u0103turi, au un efect foarte constructiv \u0219i de deschidere \u00een zona spiritual\u0103. Experien\u021bele spirituale care p\u00e2n\u0103 acum au rico\u0219at de pe &#8222;peretele&#8221; nostru energetic, pot ajunge acum la noi \u0219i pot da vie\u021bii noastre impulsuri decisive.<\/p>\n<p><strong><em>Afirma\u021bia: <\/em><\/strong>Simt u\u0219urin\u021ba \u0219i prospe\u021bimea \u00een interiorul meu, \u00een timp ce scap de tiparele de g\u00e2ndire vechi \u0219i astfel, o nou\u0103 via\u021b\u0103 se deschide pentru mine.<\/p>\n","protected":false},"excerpt":{"rendered":"<p>(Flammulina velutipes) Aceast\u0103 ciuperc\u0103 cre\u0219te \u00een smocuri pe lemn tare \u00eentre lunile august \u0219i aprilie \u00een, timpul iernii. Se poate recunoa\u0219te dup\u0103 p\u0103l\u0103ria sa g\u0103lbui maronie. Este umed\u0103, \u00eentr-o oare- care m\u0103sur\u0103 lipicioas\u0103 \u0219i moale. P\u0103l\u0103ria poate m\u0103sura \u00eentre 1 &#8211; 6 cm \u0219i este \u00eenconjurat\u0103 jos \u0219i sus de p\u0103l\u0103riile altor ciuperci din aceea\u0219i &hellip; <a href=\"https:\/\/esentevibrationale.com\/?product=velvet-shank-picior-de-catifea\" class=\"more-link\">Continu\u0103 lectura <span class=\"screen-reader-text\">Velvet Shank \/ Picior de Catifea<\/span> <span class=\"meta-nav\">&rarr;<\/span><\/a><\/p>\n","protected":false},"featured_media":796,"template":"","meta":[],"product_brand":[],"product_cat":[19],"product_tag":[],"class_list":{"0":"post-793","1":"product","2":"type-product","3":"status-publish","4":"has-post-thumbnail","6":"product_cat-esente-de-ciuperci","7":"pa_size-15ml","8":"pa_size-30ml","10":"first","11":"instock","12":"shipping-taxable","13":"purchasable","14":"product-type-variable","15":"has-default-attributes"},"_links":{"self":[{"href":"https:\/\/esentevibrationale.com\/index.php?rest_route=\/wp\/v2\/product\/793","targetHints":{"allow":["GET"]}}],"collection":[{"href":"https:\/\/esentevibrationale.com\/index.php?rest_route=\/wp\/v2\/product"}],"about":[{"href":"https:\/\/esentevibrationale.com\/index.php?rest_route=\/wp\/v2\/types\/product"}],"wp:featuredmedia":[{"embeddable":true,"href":"https:\/\/esentevibrationale.com\/index.php?rest_route=\/wp\/v2\/media\/796"}],"wp:attachment":[{"href":"https:\/\/esentevibrationale.com\/index.php?rest_route=%2Fwp%2Fv2%2Fmedia&parent=793"}],"wp:term":[{"taxonomy":"product_brand","embeddable":true,"href":"https:\/\/esentevibrationale.com\/index.php?rest_route=%2Fwp%2Fv2%2Fproduct_brand&post=793"},{"taxonomy":"product_cat","embeddable":true,"href":"https:\/\/esentevibrationale.com\/index.php?rest_route=%2Fwp%2Fv2%2Fproduct_cat&post=793"},{"taxonomy":"product_tag","embeddable":true,"href":"https:\/\/esentevibrationale.com\/index.php?rest_route=%2Fwp%2Fv2%2Fproduct_tag&post=793"}],"curies":[{"name":"wp","href":"https:\/\/api.w.org\/{rel}","templated":true}]}}