{"id":805,"date":"2018-10-26T10:06:58","date_gmt":"2018-10-26T08:06:58","guid":{"rendered":"http:\/\/phiessences.com\/Romania\/?post_type=product&#038;p=805"},"modified":"2025-12-30T17:35:07","modified_gmt":"2025-12-30T15:35:07","slug":"lichen-lichen","status":"publish","type":"product","link":"https:\/\/esentevibrationale.com\/?product=lichen-lichen","title":{"rendered":"Lichen  \/ Lichen"},"content":{"rendered":"<p><strong>(Caloplaca flavescens) <\/strong><\/p>\n<p><em>Este o plant\u0103 pionier. Lichenul cre\u0219te pe suprafe\u021bele pietrelor calcaroase \u00eensorite \u0219i are o predilec\u021bie puternic\u0103 pentru locurile unde pas\u0103rile \u00ee\u0219i au cuiburile \u0219i sub ruinele str\u0103vechilor castele. Formeaz\u0103 straturi gri g\u0103lbui, care sunt g\u0103site \u00een form\u0103 frunzei de trifoi de la 5 cm \u00een sus. Perimetrul straturilor formeaz\u0103 o stea. Carpelele (apothecia) formeaz\u0103 baze de 0.5 &#8211; 1 mm ample \u0219i discul este portocaliu ro\u0219cat.<\/em><\/p>\n<p><strong><em>Efectul Esen\u021bei: <\/em><\/strong>Esen\u021ba Lichenului ajut\u0103 la redefinirea contactului cu lumea exterioar\u0103 \u0219i ofer\u0103 o piele s\u0103n\u0103toas\u0103 la nivel energetic, pielea este organul care ne leag\u0103 cu lumea exterioar\u0103.<\/p>\n<p><strong><em>Efectul Esen\u021bei la Nivel Fizic: <\/em><\/strong>\u00cen special, aceast\u0103 esen\u021b\u0103 favorizeaz\u0103 armonia pielii \u0219i contribuie la procesul energetic de vindecare al afec\u021biunilor pielii. Stimuleaz\u0103 capacitatea noastr\u0103 de a identifica \u0219i elimina cauzele inconvenien\u021belor pielii. \u00cen acela\u0219i timp amelioreaz\u0103 \u0219i st\u0103rile tensionate ale corpului.<\/p>\n<p><strong><em>Efectul Esen\u021bei la Nivel Emo\u021bional: <\/em><\/strong>\u00cen mod frecvent problemele pielii au o cauz\u0103 emo\u021bional\u0103 ad\u00e2nc \u00eenr\u0103d\u0103cinat\u0103. Esen\u021ba Lichenului ne ajut\u0103 s\u0103 ne cre\u0219tem gradul de con\u0219tientizare asupra acestor emo\u021bii \u0219i s\u0103 le proces\u0103m. Este un sprijin energetic, care ne \u00eenso\u021be\u0219te pas cu pas \u0219i ne ajut\u0103 s\u0103 cre\u0103m adev\u0103rul \u0219i armonia, de care pielea noastr\u0103 are nevoie.<\/p>\n<p><strong><em>Efectul Esen\u021bei la Nivel Mental: <\/em><\/strong>C\u00e2nd pielea, ca punct de leg\u0103tur\u0103 cu lumea din exterior, sufer\u0103 de multe afec\u021biuni, \u00eenseamn\u0103 c\u0103 noi ne lupt\u0103m simultan \u00eempotriva dezinform\u0103rii pe plan mental \u0219i astfel, noi dezvolt\u0103m episoade de alergii, etc. Este o necesitate s\u0103 \u00eenlocuim informa\u021bia \u0219i s\u0103 definim o nou\u0103 \u00een\u021belegere mental\u0103, pentru noi \u0219i mediul \u00eenconjur\u0103tor \u0219i esen\u021ba Lichenului ne poate ajuta \u00een acest sens.<\/p>\n<p><strong><em>Efectul Esen\u021bei la Nivel Spiritual: <\/em><\/strong>Cu aceast\u0103 esen\u021b\u0103 putem reflecta dintr-un plan superior \u0219i eradica acele experien\u021be, care au condus la problemele pielii. Ne permite s\u0103 sc\u0103p\u0103m de tiparele vechi \u0219i s\u0103 sporim protec\u021bia energetic\u0103 din jurul nostru.<\/p>\n<p><strong><em>Afirma\u021bia: <\/em><\/strong>M\u0103 eliberez de umbrele trecutului \u0219i las \u00een trecut problemele pielii.<\/p>\n","protected":false},"excerpt":{"rendered":"<p>(Caloplaca flavescens) Este o plant\u0103 pionier. Lichenul cre\u0219te pe suprafe\u021bele pietrelor calcaroase \u00eensorite \u0219i are o predilec\u021bie puternic\u0103 pentru locurile unde pas\u0103rile \u00ee\u0219i au cuiburile \u0219i sub ruinele str\u0103vechilor castele. Formeaz\u0103 straturi gri g\u0103lbui, care sunt g\u0103site \u00een form\u0103 frunzei de trifoi de la 5 cm \u00een sus. Perimetrul straturilor formeaz\u0103 o stea. Carpelele (apothecia) &hellip; <a href=\"https:\/\/esentevibrationale.com\/?product=lichen-lichen\" class=\"more-link\">Continu\u0103 lectura <span class=\"screen-reader-text\">Lichen  \/ Lichen<\/span> <span class=\"meta-nav\">&rarr;<\/span><\/a><\/p>\n","protected":false},"featured_media":808,"template":"","meta":[],"product_brand":[],"product_cat":[19],"product_tag":[],"class_list":{"0":"post-805","1":"product","2":"type-product","3":"status-publish","4":"has-post-thumbnail","6":"product_cat-esente-de-ciuperci","7":"pa_size-15ml","8":"pa_size-30ml","10":"first","11":"instock","12":"shipping-taxable","13":"purchasable","14":"product-type-variable","15":"has-default-attributes"},"_links":{"self":[{"href":"https:\/\/esentevibrationale.com\/index.php?rest_route=\/wp\/v2\/product\/805","targetHints":{"allow":["GET"]}}],"collection":[{"href":"https:\/\/esentevibrationale.com\/index.php?rest_route=\/wp\/v2\/product"}],"about":[{"href":"https:\/\/esentevibrationale.com\/index.php?rest_route=\/wp\/v2\/types\/product"}],"wp:featuredmedia":[{"embeddable":true,"href":"https:\/\/esentevibrationale.com\/index.php?rest_route=\/wp\/v2\/media\/808"}],"wp:attachment":[{"href":"https:\/\/esentevibrationale.com\/index.php?rest_route=%2Fwp%2Fv2%2Fmedia&parent=805"}],"wp:term":[{"taxonomy":"product_brand","embeddable":true,"href":"https:\/\/esentevibrationale.com\/index.php?rest_route=%2Fwp%2Fv2%2Fproduct_brand&post=805"},{"taxonomy":"product_cat","embeddable":true,"href":"https:\/\/esentevibrationale.com\/index.php?rest_route=%2Fwp%2Fv2%2Fproduct_cat&post=805"},{"taxonomy":"product_tag","embeddable":true,"href":"https:\/\/esentevibrationale.com\/index.php?rest_route=%2Fwp%2Fv2%2Fproduct_tag&post=805"}],"curies":[{"name":"wp","href":"https:\/\/api.w.org\/{rel}","templated":true}]}}