{"id":817,"date":"2018-10-26T10:23:11","date_gmt":"2018-10-26T08:23:11","guid":{"rendered":"http:\/\/phiessences.com\/Romania\/?post_type=product&#038;p=817"},"modified":"2025-12-30T17:22:11","modified_gmt":"2025-12-30T15:22:11","slug":"jelly-tongue-urechiuse","status":"publish","type":"product","link":"https:\/\/esentevibrationale.com\/?product=jelly-tongue-urechiuse","title":{"rendered":"Jelly Tongue \/ Urechiu\u015fe"},"content":{"rendered":"<p><strong>(Pseudohydnum gelatinosum) <\/strong><\/p>\n<p><em>Urechiu\u0219ele sunt ciuperci comestibile, care pot fi g\u0103site, \u00een principal, \u00een locuri pe lemn tare, lemn de conifere sau pe copaci putrezi\u021bi, \u00eentre lunile iulie \u0219i noiembrie. Aceast\u0103 ciuperc\u0103 are un aspect similar cochiliei. Are un picior scurt \u0219i gama de culori variaz\u0103 de la alb la cenu\u0219iu-gri sau maro gelatinos. \u00cen partea de jos a p\u0103l\u0103riei are spini gelatino\u0219i albi. V\u00e2rful poate ajunge de la 3 &#8211; 8 cm. Aceast\u0103 ciuperc\u0103 poate fi integrat\u0103 crud\u0103 \u00een salat\u0103.<\/em><\/p>\n<p><strong><em>Efectul Esen\u021bei: <\/em><\/strong>Esen\u021ba Urechiu\u0219elor stimuleaz\u0103 capacitatea noastr\u0103 de echilibrul concentrare \u0219i stabilitatea. La nivelul fizic ne ajut\u0103 s\u0103 ne adun\u0103m for\u021ba, \u00een loc s\u0103 o irosim.<\/p>\n<p><strong><em>Efectul Esen\u021bei la Nivel Fizic<\/em><\/strong><em>: <\/em>Esen\u021ba Urechiu\u0219elor \u00eent\u0103re\u0219te energetic structurile noastre (celulele) \u0219i ne ajut\u0103 s\u0103 colect\u0103m propria energie (c\u0103ldur\u0103) \u0219i s\u0103 nu o irosim \u00een exterior. \u00cen special, ne \u00eent\u0103re\u0219te nucleul, din care vom putea s\u0103 ac\u021bion\u0103m cu o nou\u0103 vitalitate.<\/p>\n<p><strong><em>Efectul Esen\u021bei la Nivel Emo\u021bional: <\/em><\/strong>De obicei, persoanele care sunt conduse de sl\u0103biciunile lor sau sunt pline de \u00eendoieli sau de nesiguran\u021b\u0103 sunt atrase de aceast\u0103 esen\u021b\u0103. Prin intermediul s\u0103u, acestea experimenteaz\u0103 o stabilitate nou\u0103 \u0219i \u00ee\u0219i g\u0103sesc centrul. Acum, vor fi capabile s\u0103 aib\u0103 o opozi\u021bie mai mare la distrageri \u0219i vor profita de energia proprie.<\/p>\n<p><strong><em>Efectul Esen\u021bei la Nivel Mental: <\/em><\/strong>Emo\u021biile \u0219i g\u00e2ndurile dispersate de sl\u0103biciunea mental\u0103, g\u0103sesc \u00een esen\u021b\u0103 Urechiu\u0219elor un sprijin energetic valoros, care ne ajut\u0103 s\u0103 ne concentr\u0103m din nou. Cu esen\u021ba g\u00e2ndurile devin mai clare \u0219i pot fi dezvoltate \u0219i urmate \u00eentr- o manier\u0103 mai disciplinat\u0103.<\/p>\n<p><strong><em>Efectul Esen\u021bei la Nivel Spiritual: <\/em><\/strong>Esen\u021ba ne sprijin\u0103 s\u0103 fim complet con\u0219tien\u021bi de energia noastr\u0103. Acele persoane, care sunt u\u0219or distrase de exterior, beneficiaz\u0103 foarte bine de aceast\u0103 experien\u021b\u0103 spiritual\u0103.<\/p>\n<p><strong><em>Afirma\u021bia: <\/em><\/strong>\u00cemi simt punctele forte \u0219i le pot folosi \u00een mod inten\u021bionat \u0219i concentrat.<\/p>\n<p>&nbsp;<\/p>\n","protected":false},"excerpt":{"rendered":"<p>(Pseudohydnum gelatinosum) Urechiu\u0219ele sunt ciuperci comestibile, care pot fi g\u0103site, \u00een principal, \u00een locuri pe lemn tare, lemn de conifere sau pe copaci putrezi\u021bi, \u00eentre lunile iulie \u0219i noiembrie. Aceast\u0103 ciuperc\u0103 are un aspect similar cochiliei. Are un picior scurt \u0219i gama de culori variaz\u0103 de la alb la cenu\u0219iu-gri sau maro gelatinos. \u00cen partea &hellip; <a href=\"https:\/\/esentevibrationale.com\/?product=jelly-tongue-urechiuse\" class=\"more-link\">Continu\u0103 lectura <span class=\"screen-reader-text\">Jelly Tongue \/ Urechiu\u015fe<\/span> <span class=\"meta-nav\">&rarr;<\/span><\/a><\/p>\n","protected":false},"featured_media":820,"template":"","meta":[],"product_brand":[],"product_cat":[19],"product_tag":[],"class_list":{"0":"post-817","1":"product","2":"type-product","3":"status-publish","4":"has-post-thumbnail","6":"product_cat-esente-de-ciuperci","7":"pa_size-15ml","8":"pa_size-30ml","10":"first","11":"instock","12":"shipping-taxable","13":"purchasable","14":"product-type-variable","15":"has-default-attributes"},"_links":{"self":[{"href":"https:\/\/esentevibrationale.com\/index.php?rest_route=\/wp\/v2\/product\/817","targetHints":{"allow":["GET"]}}],"collection":[{"href":"https:\/\/esentevibrationale.com\/index.php?rest_route=\/wp\/v2\/product"}],"about":[{"href":"https:\/\/esentevibrationale.com\/index.php?rest_route=\/wp\/v2\/types\/product"}],"wp:featuredmedia":[{"embeddable":true,"href":"https:\/\/esentevibrationale.com\/index.php?rest_route=\/wp\/v2\/media\/820"}],"wp:attachment":[{"href":"https:\/\/esentevibrationale.com\/index.php?rest_route=%2Fwp%2Fv2%2Fmedia&parent=817"}],"wp:term":[{"taxonomy":"product_brand","embeddable":true,"href":"https:\/\/esentevibrationale.com\/index.php?rest_route=%2Fwp%2Fv2%2Fproduct_brand&post=817"},{"taxonomy":"product_cat","embeddable":true,"href":"https:\/\/esentevibrationale.com\/index.php?rest_route=%2Fwp%2Fv2%2Fproduct_cat&post=817"},{"taxonomy":"product_tag","embeddable":true,"href":"https:\/\/esentevibrationale.com\/index.php?rest_route=%2Fwp%2Fv2%2Fproduct_tag&post=817"}],"curies":[{"name":"wp","href":"https:\/\/api.w.org\/{rel}","templated":true}]}}