{"id":821,"date":"2018-10-26T10:35:03","date_gmt":"2018-10-26T08:35:03","guid":{"rendered":"http:\/\/phiessences.com\/Romania\/?post_type=product&#038;p=821"},"modified":"2025-12-30T17:07:36","modified_gmt":"2025-12-30T15:07:36","slug":"amazon-mushroom-nr-1-cordyceps","status":"publish","type":"product","link":"https:\/\/esentevibrationale.com\/?product=amazon-mushroom-nr-1-cordyceps","title":{"rendered":"Amazon Mushroom Nr. 1 \/ Cordyceps"},"content":{"rendered":"<p><strong>\u00a0(Cordyceps) <\/strong><\/p>\n<p><em>Fungus Amazon Nr. 1 a fost descoperit \u00een p\u0103durile din Amazonia, nu foarte departe de unul de afluen\u021bii fluviului Amazon. Poate fi g\u0103sit \u00een locurile umede, umbroase sub copaci. Fungus Amazon Nr. 1 este \u00eenalt de aproximativ 15 &#8211; 20 cm \u0219i are un picior de culoare ro\u0219u \u00eenchis. P\u0103l\u0103ria sa portocalie are solzi albi, prin urmare seam\u0103n\u0103 cu Mu\u0219c\u0103ri\u021ba (Fly Agar).<\/em><\/p>\n<p><strong><em>Efectul Esen\u021bei: <\/em><\/strong>Fungusul Amazon Nr. 1 sus\u021bine \u0219i cur\u0103\u021b\u0103 Chakra a-2-a \u0219i favorizeaz\u0103 eliminarea toxinelor emo\u021bionale, care s-au depus \u00een organism.<\/p>\n<p><strong><em>Efectul Esen\u021bei la Nivel Fizic: <\/em><\/strong>Fungusul Amazon Nr. 1 func\u021bioneaz\u0103 intens pe Chakra a-2-a, ac\u021bion\u00e2nd \u00een special, asupra rinichi- lor, dar \u00eentregul organism beneficiaz\u0103 de vibra\u021bia sa.<\/p>\n<p><strong><em>Efectul Esen\u021bei la Nivel Emo\u021bional: <\/em><\/strong>Esen\u021ba ne permite s\u0103 sc\u0103p\u0103m de toate otr\u0103vurile emo\u021bionale, unele din acestea sunt emo\u021bii foarte vechi. Fungusul Amazon Nr. 1 stimuleaz\u0103 eliminarea acestor otr\u0103vuri de la toate nivelurile corpului \u0219i fiin\u021bei umane \u0219i ne elibereaz\u0103 de ele.<\/p>\n<p><strong><em>Efectul Esen\u021bei la Nivel Mental: <\/em><\/strong>Totodat\u0103, otr\u0103vurile emo\u021bionale pot sl\u0103bi, energia noastr\u0103 mental\u0103, cauz\u00e2nd de exemplu: o spiral\u0103 de g\u00e2nduri negative. Aceast\u0103 esen\u021ba ne ajut\u0103 s\u0103 dep\u0103\u0219im &#8222;g\u00e2ndul otr\u0103vit&#8221; \u0219i define\u0219te un nou plan mental.<\/p>\n<p><strong><em>Efectul Esen\u021bei la Nivel Spiritual: <\/em><\/strong>Esen\u021ba stabile\u0219te o conexiune \u00eentre inim\u0103 \u0219i rinichi astfel \u00eencuraj\u00e2nd din punct de vedere organiza\u021bional, voin\u021ba noastr\u0103 spiritual\u0103 s\u0103 ne deschidem celorlal\u021bi. Ne sim\u021bim preg\u0103ti\u021bi s\u0103 experiment\u0103m planul spiritual \u00eentr-un mediu social \u0219i s\u0103 \u00eel vedem pe Dumnezeu \u00een celelalte persoane.<\/p>\n<p><strong><em>Afirma\u021bia: <\/em><\/strong>Eliberez otr\u0103vurile emo\u021bionale, m\u0103 deschid spre ceilal\u021bi oameni experiment\u00e2nd Iubirea Divin\u0103.<\/p>\n","protected":false},"excerpt":{"rendered":"<p>\u00a0(Cordyceps) Fungus Amazon Nr. 1 a fost descoperit \u00een p\u0103durile din Amazonia, nu foarte departe de unul de afluen\u021bii fluviului Amazon. Poate fi g\u0103sit \u00een locurile umede, umbroase sub copaci. Fungus Amazon Nr. 1 este \u00eenalt de aproximativ 15 &#8211; 20 cm \u0219i are un picior de culoare ro\u0219u \u00eenchis. P\u0103l\u0103ria sa portocalie are solzi &hellip; <a href=\"https:\/\/esentevibrationale.com\/?product=amazon-mushroom-nr-1-cordyceps\" class=\"more-link\">Continu\u0103 lectura <span class=\"screen-reader-text\">Amazon Mushroom Nr. 1 \/ Cordyceps<\/span> <span class=\"meta-nav\">&rarr;<\/span><\/a><\/p>\n","protected":false},"featured_media":824,"template":"","meta":[],"product_brand":[],"product_cat":[19],"product_tag":[],"class_list":{"0":"post-821","1":"product","2":"type-product","3":"status-publish","4":"has-post-thumbnail","6":"product_cat-esente-de-ciuperci","7":"pa_size-15ml","8":"pa_size-30ml","10":"first","11":"instock","12":"shipping-taxable","13":"purchasable","14":"product-type-variable","15":"has-default-attributes"},"_links":{"self":[{"href":"https:\/\/esentevibrationale.com\/index.php?rest_route=\/wp\/v2\/product\/821","targetHints":{"allow":["GET"]}}],"collection":[{"href":"https:\/\/esentevibrationale.com\/index.php?rest_route=\/wp\/v2\/product"}],"about":[{"href":"https:\/\/esentevibrationale.com\/index.php?rest_route=\/wp\/v2\/types\/product"}],"wp:featuredmedia":[{"embeddable":true,"href":"https:\/\/esentevibrationale.com\/index.php?rest_route=\/wp\/v2\/media\/824"}],"wp:attachment":[{"href":"https:\/\/esentevibrationale.com\/index.php?rest_route=%2Fwp%2Fv2%2Fmedia&parent=821"}],"wp:term":[{"taxonomy":"product_brand","embeddable":true,"href":"https:\/\/esentevibrationale.com\/index.php?rest_route=%2Fwp%2Fv2%2Fproduct_brand&post=821"},{"taxonomy":"product_cat","embeddable":true,"href":"https:\/\/esentevibrationale.com\/index.php?rest_route=%2Fwp%2Fv2%2Fproduct_cat&post=821"},{"taxonomy":"product_tag","embeddable":true,"href":"https:\/\/esentevibrationale.com\/index.php?rest_route=%2Fwp%2Fv2%2Fproduct_tag&post=821"}],"curies":[{"name":"wp","href":"https:\/\/api.w.org\/{rel}","templated":true}]}}