{"id":829,"date":"2018-10-26T10:54:27","date_gmt":"2018-10-26T08:54:27","guid":{"rendered":"http:\/\/phiessences.com\/Romania\/?post_type=product&#038;p=829"},"modified":"2025-12-30T17:10:29","modified_gmt":"2025-12-30T15:10:29","slug":"birkenporling-urechea-mesteacanului","status":"publish","type":"product","link":"https:\/\/esentevibrationale.com\/?product=birkenporling-urechea-mesteacanului","title":{"rendered":"Birkenporling \/ Urechea Mesteac\u0103nului"},"content":{"rendered":"<p><strong>(Piptoporus betulinus)<\/strong><\/p>\n<p><em>Aceast\u0103 ciuperc\u0103 tr\u0103ie\u0219te ca parazit pe mestecenii infesta\u021bi \u0219i are un efect de antibiotic. Acest lucru \u00eenseamn\u0103 c\u0103, chiar \u0219i \u00een cantit\u0103\u021bi mici, inhib\u0103 sau ucide cre\u0219terea microorganismelor. Aceast\u0103 ciuperc\u0103 a fost g\u0103sit\u0103 \u0219i \u00een \u00d6tzi, o mumie ghe\u021bar\u0103 veche de aproximativ 5300 de ani din epoca neolitic\u0103, \u00een Alpii \u00d6tztal.<\/em><\/p>\n<p><strong><em>Efectul Esen\u021bei: <\/em><\/strong>Esen\u021ba Urechii Mesteac\u0103nului \u00eent\u0103re\u0219te energetic sistemul imunitar \u0219i procesele de degradare \u0219i cur\u0103\u021bare din organism. Curele de detoxificare pot fi sus\u021binute cu esen\u021ba (ciuperci \u00een corp).<\/p>\n<p><strong><em>Efectul Esen\u021bei la Nivel Emo\u021bional: <\/em><\/strong>Esen\u021ba ne ajut\u0103 s\u0103 ne integr\u0103m umbra \u0219i ne conecteaz\u0103 cu subcon\u0219tientul. Acest lucru ne permite s\u0103 accept\u0103m mai bine subiecte precum frica de moarte sau fine\u021bea \u0219i tranzi\u021bia tuturor fiin\u021belor.<\/p>\n","protected":false},"excerpt":{"rendered":"<p>(Piptoporus betulinus) Aceast\u0103 ciuperc\u0103 tr\u0103ie\u0219te ca parazit pe mestecenii infesta\u021bi \u0219i are un efect de antibiotic. Acest lucru \u00eenseamn\u0103 c\u0103, chiar \u0219i \u00een cantit\u0103\u021bi mici, inhib\u0103 sau ucide cre\u0219terea microorganismelor. Aceast\u0103 ciuperc\u0103 a fost g\u0103sit\u0103 \u0219i \u00een \u00d6tzi, o mumie ghe\u021bar\u0103 veche de aproximativ 5300 de ani din epoca neolitic\u0103, \u00een Alpii \u00d6tztal. Efectul Esen\u021bei: &hellip; <a href=\"https:\/\/esentevibrationale.com\/?product=birkenporling-urechea-mesteacanului\" class=\"more-link\">Continu\u0103 lectura <span class=\"screen-reader-text\">Birkenporling \/ Urechea Mesteac\u0103nului<\/span> <span class=\"meta-nav\">&rarr;<\/span><\/a><\/p>\n","protected":false},"featured_media":830,"template":"","meta":[],"product_brand":[],"product_cat":[19],"product_tag":[],"class_list":{"0":"post-829","1":"product","2":"type-product","3":"status-publish","4":"has-post-thumbnail","6":"product_cat-esente-de-ciuperci","7":"pa_size-15ml","8":"pa_size-30ml","10":"first","11":"instock","12":"shipping-taxable","13":"purchasable","14":"product-type-variable","15":"has-default-attributes"},"_links":{"self":[{"href":"https:\/\/esentevibrationale.com\/index.php?rest_route=\/wp\/v2\/product\/829","targetHints":{"allow":["GET"]}}],"collection":[{"href":"https:\/\/esentevibrationale.com\/index.php?rest_route=\/wp\/v2\/product"}],"about":[{"href":"https:\/\/esentevibrationale.com\/index.php?rest_route=\/wp\/v2\/types\/product"}],"wp:featuredmedia":[{"embeddable":true,"href":"https:\/\/esentevibrationale.com\/index.php?rest_route=\/wp\/v2\/media\/830"}],"wp:attachment":[{"href":"https:\/\/esentevibrationale.com\/index.php?rest_route=%2Fwp%2Fv2%2Fmedia&parent=829"}],"wp:term":[{"taxonomy":"product_brand","embeddable":true,"href":"https:\/\/esentevibrationale.com\/index.php?rest_route=%2Fwp%2Fv2%2Fproduct_brand&post=829"},{"taxonomy":"product_cat","embeddable":true,"href":"https:\/\/esentevibrationale.com\/index.php?rest_route=%2Fwp%2Fv2%2Fproduct_cat&post=829"},{"taxonomy":"product_tag","embeddable":true,"href":"https:\/\/esentevibrationale.com\/index.php?rest_route=%2Fwp%2Fv2%2Fproduct_tag&post=829"}],"curies":[{"name":"wp","href":"https:\/\/api.w.org\/{rel}","templated":true}]}}