{"id":964,"date":"2018-10-26T17:53:40","date_gmt":"2018-10-26T15:53:40","guid":{"rendered":"http:\/\/phiessences.com\/Romania\/?post_type=product&#038;p=964"},"modified":"2025-12-30T13:20:44","modified_gmt":"2025-12-30T11:20:44","slug":"amazon-skin-cream-crema-amazon","status":"publish","type":"product","link":"https:\/\/esentevibrationale.com\/?product=amazon-skin-cream-crema-amazon","title":{"rendered":"Amazon Skin Cream \/ Crema Amazon"},"content":{"rendered":"<p>Folosim aceast\u0103 crem\u0103 ca pe o crem\u0103 de masaj pentru alinarea energic\u0103 a p\u0103r\u021bilor blocate ale corpului. Pentru un tratament energetic al spatelui, de asemenea, po\u021bi aplica aceast\u0103 crem\u0103 direct pe fosa triunghiular\u0103 a auricului urechii.<\/p>\n<p>60 Gr<\/p>\n<p>f\u0103r\u0103 parabeni<\/p>\n<p>&nbsp;<\/p>\n","protected":false},"excerpt":{"rendered":"<table>\n<tbody>\n<tr>\n<td>Greutate: 0,145 kg pe bucat\u0103<\/td>\n<\/tr>\n<\/tbody>\n<\/table>\n","protected":false},"featured_media":965,"template":"","meta":[],"product_brand":[],"product_cat":[34],"product_tag":[],"class_list":{"0":"post-964","1":"product","2":"type-product","3":"status-publish","4":"has-post-thumbnail","6":"product_cat-creme","8":"first","9":"instock","10":"shipping-taxable","11":"purchasable","12":"product-type-simple"},"_links":{"self":[{"href":"https:\/\/esentevibrationale.com\/index.php?rest_route=\/wp\/v2\/product\/964","targetHints":{"allow":["GET"]}}],"collection":[{"href":"https:\/\/esentevibrationale.com\/index.php?rest_route=\/wp\/v2\/product"}],"about":[{"href":"https:\/\/esentevibrationale.com\/index.php?rest_route=\/wp\/v2\/types\/product"}],"wp:featuredmedia":[{"embeddable":true,"href":"https:\/\/esentevibrationale.com\/index.php?rest_route=\/wp\/v2\/media\/965"}],"wp:attachment":[{"href":"https:\/\/esentevibrationale.com\/index.php?rest_route=%2Fwp%2Fv2%2Fmedia&parent=964"}],"wp:term":[{"taxonomy":"product_brand","embeddable":true,"href":"https:\/\/esentevibrationale.com\/index.php?rest_route=%2Fwp%2Fv2%2Fproduct_brand&post=964"},{"taxonomy":"product_cat","embeddable":true,"href":"https:\/\/esentevibrationale.com\/index.php?rest_route=%2Fwp%2Fv2%2Fproduct_cat&post=964"},{"taxonomy":"product_tag","embeddable":true,"href":"https:\/\/esentevibrationale.com\/index.php?rest_route=%2Fwp%2Fv2%2Fproduct_tag&post=964"}],"curies":[{"name":"wp","href":"https:\/\/api.w.org\/{rel}","templated":true}]}}