{"id":966,"date":"2018-10-26T17:59:40","date_gmt":"2018-10-26T15:59:40","guid":{"rendered":"http:\/\/phiessences.com\/Romania\/?post_type=product&#038;p=966"},"modified":"2025-12-30T13:26:40","modified_gmt":"2025-12-30T11:26:40","slug":"self-heal-skin-cream-crema-de-regenerare-a-pielii","status":"publish","type":"product","link":"https:\/\/esentevibrationale.com\/?product=self-heal-skin-cream-crema-de-regenerare-a-pielii","title":{"rendered":"Self-Heal Skin Cream \/ Crema de Regenerare a Pielii"},"content":{"rendered":"<p>Aceast\u0103 crem\u0103 func\u0163ioneaz\u0103 ca un balsm de vindecare. Vibra\u0163iile sale de energie \u00eenalt\u0103 stimuleaz\u0103 puterile naturale de auto-vindecare ale pielii. \u020an acela\u015fi timp, calmeaz\u0103 \u015fi alin\u0103 pielea dup\u0103 b\u0103rbierit.<\/p>\n<p>60 gr.\u00a0\u00a0\u00a0\u00a0\u00a0\u00a0\u00a0\u00a0\u00a0\u00a0\u00a0\u00a0\u00a0\u00a0 f\u0103r\u0103 parabeni<\/p>\n<p>Noua formul\u0103 include Self Heal \u015fi Inside Outside Cactus.<\/p>\n<p>Se utilizeaz\u0103 \u00eenaite de aplicarea pe piele a cremei cu protec\u0163ie solar\u0103 \u015fi dup\u0103 plaj\u0103.<\/p>\n<p>Ac\u021biunea Cremei Self Heal \u00een combina\u021bie cu mixtura pentru piele \u00a0\u00eenainte \u0219i dup\u0103 aplicarea de 3-4 ori.<\/p>\n<p><img loading=\"lazy\" decoding=\"async\" class=\"alignnone wp-image-14226\" src=\"https:\/\/esentevibrationale.com\/wp-content\/uploads\/2018\/10\/crema-si-cainele-225x300.jpg\" alt=\"\" width=\"209\" height=\"279\" srcset=\"https:\/\/esentevibrationale.com\/wp-content\/uploads\/2018\/10\/crema-si-cainele-225x300.jpg 225w, https:\/\/esentevibrationale.com\/wp-content\/uploads\/2018\/10\/crema-si-cainele-300x400.jpg 300w, https:\/\/esentevibrationale.com\/wp-content\/uploads\/2018\/10\/crema-si-cainele-45x60.jpg 45w, https:\/\/esentevibrationale.com\/wp-content\/uploads\/2018\/10\/crema-si-cainele-68x90.jpg 68w, https:\/\/esentevibrationale.com\/wp-content\/uploads\/2018\/10\/crema-si-cainele.jpg 768w\" sizes=\"auto, (max-width: 209px) 100vw, 209px\" \/> <img loading=\"lazy\" decoding=\"async\" class=\"alignnone wp-image-14227\" src=\"https:\/\/esentevibrationale.com\/wp-content\/uploads\/2018\/10\/photo_2024-08-04_06-08-37-3-300x225.jpg\" alt=\"\" width=\"335\" height=\"251\" srcset=\"https:\/\/esentevibrationale.com\/wp-content\/uploads\/2018\/10\/photo_2024-08-04_06-08-37-3-300x225.jpg 300w, https:\/\/esentevibrationale.com\/wp-content\/uploads\/2018\/10\/photo_2024-08-04_06-08-37-3-768x576.jpg 768w, https:\/\/esentevibrationale.com\/wp-content\/uploads\/2018\/10\/photo_2024-08-04_06-08-37-3-80x60.jpg 80w, https:\/\/esentevibrationale.com\/wp-content\/uploads\/2018\/10\/photo_2024-08-04_06-08-37-3-120x90.jpg 120w, https:\/\/esentevibrationale.com\/wp-content\/uploads\/2018\/10\/photo_2024-08-04_06-08-37-3.jpg 1024w\" sizes=\"auto, (max-width: 335px) 100vw, 335px\" \/>\u00a0\u00a0\u00a0\u00a0\u00a0\u00a0\u00a0\u00a0\u00a0\u00a0\u00a0\u00a0\u00a0 <img loading=\"lazy\" decoding=\"async\" class=\"alignnone wp-image-14228\" src=\"https:\/\/esentevibrationale.com\/wp-content\/uploads\/2018\/10\/photo_2024-08-04_06-08-37-4-300x225.jpg\" alt=\"\" width=\"272\" height=\"204\" srcset=\"https:\/\/esentevibrationale.com\/wp-content\/uploads\/2018\/10\/photo_2024-08-04_06-08-37-4-300x225.jpg 300w, https:\/\/esentevibrationale.com\/wp-content\/uploads\/2018\/10\/photo_2024-08-04_06-08-37-4-768x576.jpg 768w, https:\/\/esentevibrationale.com\/wp-content\/uploads\/2018\/10\/photo_2024-08-04_06-08-37-4-80x60.jpg 80w, https:\/\/esentevibrationale.com\/wp-content\/uploads\/2018\/10\/photo_2024-08-04_06-08-37-4-120x90.jpg 120w, https:\/\/esentevibrationale.com\/wp-content\/uploads\/2018\/10\/photo_2024-08-04_06-08-37-4.jpg 1024w\" sizes=\"auto, (max-width: 272px) 100vw, 272px\" \/><\/p>\n<p><img loading=\"lazy\" decoding=\"async\" class=\"alignnone size-full wp-image-6101\" src=\"https:\/\/esentevibrationale.com\/wp-content\/uploads\/2018\/10\/Braunelle_Werbung.jpg\" alt=\"\" width=\"400\" height=\"533\" srcset=\"https:\/\/esentevibrationale.com\/wp-content\/uploads\/2018\/10\/Braunelle_Werbung.jpg 400w, https:\/\/esentevibrationale.com\/wp-content\/uploads\/2018\/10\/Braunelle_Werbung-225x300.jpg 225w, https:\/\/esentevibrationale.com\/wp-content\/uploads\/2018\/10\/Braunelle_Werbung-300x400.jpg 300w\" sizes=\"auto, (max-width: 400px) 100vw, 400px\" \/><\/p>\n<p>&nbsp;<\/p>\n","protected":false},"excerpt":{"rendered":"<table style=\"height: 5px;\" width=\"586\">\n<tbody>\n<tr>\n<td>Greutate: 0,145 kg pe bucat\u0103<\/td>\n<\/tr>\n<\/tbody>\n<\/table>\n<p>&nbsp;<\/p>\n","protected":false},"featured_media":967,"template":"","meta":[],"product_brand":[],"product_cat":[34],"product_tag":[],"class_list":{"0":"post-966","1":"product","2":"type-product","3":"status-publish","4":"has-post-thumbnail","6":"product_cat-creme","8":"first","9":"instock","10":"shipping-taxable","11":"purchasable","12":"product-type-simple"},"_links":{"self":[{"href":"https:\/\/esentevibrationale.com\/index.php?rest_route=\/wp\/v2\/product\/966","targetHints":{"allow":["GET"]}}],"collection":[{"href":"https:\/\/esentevibrationale.com\/index.php?rest_route=\/wp\/v2\/product"}],"about":[{"href":"https:\/\/esentevibrationale.com\/index.php?rest_route=\/wp\/v2\/types\/product"}],"wp:featuredmedia":[{"embeddable":true,"href":"https:\/\/esentevibrationale.com\/index.php?rest_route=\/wp\/v2\/media\/967"}],"wp:attachment":[{"href":"https:\/\/esentevibrationale.com\/index.php?rest_route=%2Fwp%2Fv2%2Fmedia&parent=966"}],"wp:term":[{"taxonomy":"product_brand","embeddable":true,"href":"https:\/\/esentevibrationale.com\/index.php?rest_route=%2Fwp%2Fv2%2Fproduct_brand&post=966"},{"taxonomy":"product_cat","embeddable":true,"href":"https:\/\/esentevibrationale.com\/index.php?rest_route=%2Fwp%2Fv2%2Fproduct_cat&post=966"},{"taxonomy":"product_tag","embeddable":true,"href":"https:\/\/esentevibrationale.com\/index.php?rest_route=%2Fwp%2Fv2%2Fproduct_tag&post=966"}],"curies":[{"name":"wp","href":"https:\/\/api.w.org\/{rel}","templated":true}]}}