{"id":974,"date":"2018-10-26T18:20:16","date_gmt":"2018-10-26T16:20:16","guid":{"rendered":"http:\/\/phiessences.com\/Romania\/?post_type=product&#038;p=974"},"modified":"2025-12-30T13:27:57","modified_gmt":"2025-12-30T11:27:57","slug":"venus-orchid-skin-cream-crema-ordideea-venus","status":"publish","type":"product","link":"https:\/\/esentevibrationale.com\/?product=venus-orchid-skin-cream-crema-ordideea-venus","title":{"rendered":"Venus Orchid Skin Cream \/ Crema Orhideea Venus"},"content":{"rendered":"<p>Utiliza\u021bi crema zilnic pe fa\u021b\u0103 \u0219i pe corp. Are un efect relaxant \u0219i stimuleaz\u0103 partea noastr\u0103 feminin\u0103. Recomandat\u0103 pentru pielea sensibil\u0103.<\/p>\n<p>60 Gr.<\/p>\n<p>f\u0103r\u0103 parabeni<\/p>\n<p>&nbsp;<\/p>\n","protected":false},"excerpt":{"rendered":"<table>\n<tbody>\n<tr>\n<td>Greutate: 0,145 kg pe bucat\u0103<\/td>\n<\/tr>\n<\/tbody>\n<\/table>\n","protected":false},"featured_media":975,"template":"","meta":[],"product_brand":[],"product_cat":[34],"product_tag":[],"class_list":{"0":"post-974","1":"product","2":"type-product","3":"status-publish","4":"has-post-thumbnail","6":"product_cat-creme","8":"first","9":"instock","10":"shipping-taxable","11":"purchasable","12":"product-type-simple"},"_links":{"self":[{"href":"https:\/\/esentevibrationale.com\/index.php?rest_route=\/wp\/v2\/product\/974","targetHints":{"allow":["GET"]}}],"collection":[{"href":"https:\/\/esentevibrationale.com\/index.php?rest_route=\/wp\/v2\/product"}],"about":[{"href":"https:\/\/esentevibrationale.com\/index.php?rest_route=\/wp\/v2\/types\/product"}],"wp:featuredmedia":[{"embeddable":true,"href":"https:\/\/esentevibrationale.com\/index.php?rest_route=\/wp\/v2\/media\/975"}],"wp:attachment":[{"href":"https:\/\/esentevibrationale.com\/index.php?rest_route=%2Fwp%2Fv2%2Fmedia&parent=974"}],"wp:term":[{"taxonomy":"product_brand","embeddable":true,"href":"https:\/\/esentevibrationale.com\/index.php?rest_route=%2Fwp%2Fv2%2Fproduct_brand&post=974"},{"taxonomy":"product_cat","embeddable":true,"href":"https:\/\/esentevibrationale.com\/index.php?rest_route=%2Fwp%2Fv2%2Fproduct_cat&post=974"},{"taxonomy":"product_tag","embeddable":true,"href":"https:\/\/esentevibrationale.com\/index.php?rest_route=%2Fwp%2Fv2%2Fproduct_tag&post=974"}],"curies":[{"name":"wp","href":"https:\/\/api.w.org\/{rel}","templated":true}]}}