{"id":990,"date":"2018-10-30T06:13:58","date_gmt":"2018-10-30T05:13:58","guid":{"rendered":"http:\/\/phiessences.com\/Romania\/?post_type=product&#038;p=990"},"modified":"2026-03-11T03:35:19","modified_gmt":"2026-03-11T01:35:19","slug":"delfin","status":"publish","type":"product","link":"https:\/\/esentevibrationale.com\/?product=delfin","title":{"rendered":"Delph\u00ae Pandant \/ Pandantiv Delfin"},"content":{"rendered":"<p><span class=\"Y2IQFc\" lang=\"ro\">Fabricat din sticl\u0103 suflat\u0103 cu gur\u0103. Putem purta esen\u021ba delfinului direct pe chakra inimii. Pandantivul are un efect puternic de armonizare \u0219i de deschidere a inimii.<br \/>\n<\/span><\/p>\n<p><span class=\"Y2IQFc\" lang=\"ro\">Pandantivul at\u00e2rn\u0103 pe o panglic\u0103 \/ un <\/span>\u0219nur\u00a0<span class=\"Y2IQFc\" lang=\"ro\"> din bumbac 100%, se poate reglabila individual. <\/span><\/p>\n<p><span class=\"Y2IQFc\" lang=\"ro\">Informa\u021bii: Toate pandantivele PHI sunt realizate manual \u00een Germania. (Suflarea sticlei din secolul al XIV-lea).<\/span><\/p>\n","protected":false},"excerpt":{"rendered":"<p><img loading=\"lazy\" decoding=\"async\" class=\"alignnone size-full wp-image-992\" src=\"https:\/\/phiessences.com\/Romania\/wp-content\/uploads\/2018\/10\/web_delph.jpg\" alt=\"\" width=\"86\" height=\"70\" \/><\/p>\n<p>&nbsp;<\/p>\n<p>&nbsp;<\/p>\n","protected":false},"featured_media":991,"template":"","meta":[],"product_brand":[],"product_cat":[39],"product_tag":[],"class_list":{"0":"post-990","1":"product","2":"type-product","3":"status-publish","4":"has-post-thumbnail","6":"product_cat-pandantive","8":"first","9":"instock","10":"shipping-taxable","11":"purchasable","12":"product-type-simple"},"_links":{"self":[{"href":"https:\/\/esentevibrationale.com\/index.php?rest_route=\/wp\/v2\/product\/990","targetHints":{"allow":["GET"]}}],"collection":[{"href":"https:\/\/esentevibrationale.com\/index.php?rest_route=\/wp\/v2\/product"}],"about":[{"href":"https:\/\/esentevibrationale.com\/index.php?rest_route=\/wp\/v2\/types\/product"}],"wp:featuredmedia":[{"embeddable":true,"href":"https:\/\/esentevibrationale.com\/index.php?rest_route=\/wp\/v2\/media\/991"}],"wp:attachment":[{"href":"https:\/\/esentevibrationale.com\/index.php?rest_route=%2Fwp%2Fv2%2Fmedia&parent=990"}],"wp:term":[{"taxonomy":"product_brand","embeddable":true,"href":"https:\/\/esentevibrationale.com\/index.php?rest_route=%2Fwp%2Fv2%2Fproduct_brand&post=990"},{"taxonomy":"product_cat","embeddable":true,"href":"https:\/\/esentevibrationale.com\/index.php?rest_route=%2Fwp%2Fv2%2Fproduct_cat&post=990"},{"taxonomy":"product_tag","embeddable":true,"href":"https:\/\/esentevibrationale.com\/index.php?rest_route=%2Fwp%2Fv2%2Fproduct_tag&post=990"}],"curies":[{"name":"wp","href":"https:\/\/api.w.org\/{rel}","templated":true}]}}